{"id":109,"date":"2017-11-27T07:53:25","date_gmt":"2017-11-27T07:53:25","guid":{"rendered":"http:\/\/social-media-strategy.aula.uoc.edu\/storytelling\/2-1-introduccion\/"},"modified":"2021-02-18T11:34:39","modified_gmt":"2021-02-18T11:34:39","slug":"2-1-introduccio","status":"publish","type":"page","link":"http:\/\/social-media-strategy.aula.uoc.edu\/storytelling\/2-1-introduccio\/","title":{"rendered":"2.1. L&#8217;univers de marca i les xarxes socials"},"content":{"rendered":"<p>Hist\u00f2ricament, les marques ens acompanyen des que existeixen les transaccions comercials.<\/p>\n<p>No obstant aix\u00f2, dos punts de gir recent han consolidat la seva import\u00e0ncia:<\/p>\n<ol>\n<li>La proliferaci\u00f3 de <strong>marques personals<\/strong> des de la d\u00e8cada de 1990, de manera que les declaracions de marca de qualsevol empresa tamb\u00e9 poden atribuir-se a persones o personatges p\u00fablics. \u00c9s a dir, Coca-Cola \u00e9s una marca (amb les seves caracter\u00edstiques diferenciables i promesa de valor incorporada), com tamb\u00e9 ho \u00e9s la cantant i actriu Lady Gaga.<\/li>\n<li>L&#8217;oportunitat oferta per la proliferaci\u00f3 de les tecnologies digitals, xarxes socials incloses, per a <strong>disseminar aquestes marques mitjan\u00e7ant m\u00faltiples canals<\/strong>: Coca-Cola est\u00e0 present en diversos canals digitals\u2026 i Lady Gaga tamb\u00e9, tant si s\u00f3n propis com compartits amb els seus clients o seguidors.<\/li>\n<\/ol>\n<p>Amb anterioritat a aquests desenvolupaments, ja compt\u00e0vem amb elements que contribu\u00efen a elaborar i fer evolucionar qualsevol marca:<\/p>\n<ul>\n<li>Els <strong>relats de marca<\/strong> (tamb\u00e9 anomenats <em>brand stories<\/em>) que al\u00b7ludeixen a la narraci\u00f3 persuasiva (i localitzada) que una marca fa de si mateixa.<\/li>\n<li>I els <strong>arquetips associats a aquests relats<\/strong>.<\/li>\n<\/ul>\n<p>Basats en la classificaci\u00f3 del psic\u00f2leg i psicoanalista Carl Jung, es tracta de patrons arcaics inconscients amb voluntat universalitzadora que remeten a possibles tipus humans. En publicitat, els arquetips de marca s&#8217;han consolidat mitjan\u00e7ant les seg\u00fcents figures:<\/p>\n<p>Taula 1. Els arquetips junguians adaptats als relats de marca que s&#8217;empren per a crear campanyes publicit\u00e0ries. Algunes marques GAFAM (en concret, Amazon, Google i Apple) despunten en l&#8217;encarnaci\u00f3 d&#8217;aquests arquetips.<\/p>\n<table width=\"566\">\n<tbody>\n<tr>\n<td style=\"text-align: center;\" width=\"189\"><strong>Arquetip<\/strong><\/td>\n<td style=\"text-align: center;\" width=\"189\"><strong>Anhel<\/strong><\/td>\n<td style=\"text-align: center;\" width=\"189\"><strong>Marca paradigm\u00e0tica<\/strong><\/td>\n<\/tr>\n<tr>\n<td style=\"text-align: center;\" width=\"189\">Governant<\/td>\n<td style=\"text-align: center;\" width=\"189\">Liderar el mercat<\/td>\n<td style=\"text-align: center;\" width=\"189\">Rolex<\/td>\n<\/tr>\n<tr>\n<td style=\"text-align: center;\" width=\"189\">Heroi<\/td>\n<td style=\"text-align: center;\" width=\"189\">Millorar el m\u00f3n<\/td>\n<td style=\"text-align: center;\" width=\"189\">Amazon<\/td>\n<\/tr>\n<tr>\n<td style=\"text-align: center;\" width=\"189\">Faciner\u00f3s<\/td>\n<td style=\"text-align: center;\" width=\"189\">Q\u00fcestionar el m\u00f3n<\/td>\n<td style=\"text-align: center;\" width=\"189\">Harley-Davidson<\/td>\n<\/tr>\n<tr>\n<td style=\"text-align: center;\" width=\"189\">Cuidador<\/td>\n<td style=\"text-align: center;\" width=\"189\">Generar confian\u00e7a i benestar<\/td>\n<td style=\"text-align: center;\" width=\"189\">Nestl\u00e9<\/td>\n<\/tr>\n<tr>\n<td style=\"text-align: center;\" width=\"189\">Innocent<\/td>\n<td style=\"text-align: center;\" width=\"189\">Produir optimisme i felicitat<\/td>\n<td style=\"text-align: center;\" width=\"189\">Disney<\/td>\n<\/tr>\n<tr>\n<td style=\"text-align: center;\" width=\"189\">Home corrent<\/td>\n<td style=\"text-align: center;\" width=\"189\">Crear empatia<\/td>\n<td style=\"text-align: center;\" width=\"189\">IKEA<\/td>\n<\/tr>\n<tr>\n<td style=\"text-align: center;\" width=\"189\">Explorador<\/td>\n<td style=\"text-align: center;\" width=\"189\">Atorgar autenticitat i independ\u00e8ncia<\/td>\n<td style=\"text-align: center;\" width=\"189\">Jeep<\/td>\n<\/tr>\n<tr>\n<td style=\"text-align: center;\" width=\"189\">Savi<\/td>\n<td style=\"text-align: center;\" width=\"189\">Donar coneixement<\/td>\n<td style=\"text-align: center;\" width=\"189\">Google<\/td>\n<\/tr>\n<tr>\n<td style=\"text-align: center;\" width=\"189\">Mag<\/td>\n<td style=\"text-align: center;\" width=\"189\">Oferir imaginaci\u00f3 i carisma<\/td>\n<td style=\"text-align: center;\" width=\"189\">Absolut<\/td>\n<\/tr>\n<tr>\n<td style=\"text-align: center;\" width=\"189\">Amant<\/td>\n<td style=\"text-align: center;\" width=\"189\">Apassionar i seduir<\/td>\n<td style=\"text-align: center;\" width=\"189\">Martini<\/td>\n<\/tr>\n<tr>\n<td style=\"text-align: center;\" width=\"189\">Buf\u00f3<\/td>\n<td style=\"text-align: center;\" width=\"189\">Compartir humor i diversi\u00f3<\/td>\n<td style=\"text-align: center;\" width=\"189\">OREO<\/td>\n<\/tr>\n<tr>\n<td style=\"text-align: center;\" width=\"189\">Creador<\/td>\n<td style=\"text-align: center;\" width=\"189\">Innovar<\/td>\n<td style=\"text-align: center;\" width=\"189\">Apple<\/td>\n<\/tr>\n<\/tbody>\n<\/table>\n<p>Font: elaboraci\u00f3 pr\u00f2pia basada en les p\u00e0gines web Branfluence i Making Love Marks, 2018.<\/p>\n<p>El desplegament de l&#8217;<strong>univers narratiu<\/strong> (visual, verbal, sonor) d&#8217;una marca, capa\u00e7 d&#8217;interpel\u00b7lar els territoris o espais competitius on aquesta marca desitja assentar-se, suposa la generaci\u00f3 d&#8217;un relat propi on la marca encarni una determinada personalitat per a satisfacci\u00f3 del seu p\u00fablic objectiu. Es tracta d&#8217;un relat o <em>storytelling<\/em> que presenta la marca al m\u00f3n (\u00abAix\u00f2 \u00e9s el que soc, i aix\u00f2 \u00e9s el que faig\u00bb) mitjan\u00e7ant m\u00faltiples canals <em>off<\/em> i <em>online<\/em>.<\/p>\n<p>En termes de <em>storydoing<\/em>, les marques no nom\u00e9s compten amb el seu web personal i xarxes socials com a canals de promoci\u00f3 i distribuci\u00f3 digital, sin\u00f3 que els serveixen per a deixar const\u00e0ncia d&#8217;experi\u00e8ncies multiformat que generin m\u00e9s vinculaci\u00f3 i inter\u00e8s a llarg termini amb la marca.<\/p>\n<div class=\"featured featured-blue\"><\/p>\n<p>En l&#8217;estudi de Llorente y Cuenca <em>Del storytelling al storydoing <\/em>(2017), Eugenia C\u00e9sar de Comunicaci\u00f3 Digital de Coca-Cola M\u00e8xic subratlla: \u00abLes hist\u00f2ries que expliquem provenen de les accions que realitzem. Per a nosaltres l&#8217;<em>storydoing<\/em> va m\u00e9s enll\u00e0 de generar experi\u00e8ncies amb els nostres grups d&#8217;inter\u00e8s o de crear activitats per a despr\u00e9s explicar una hist\u00f2ria; es tracta de portar a l&#8217;acci\u00f3 la nostra filosofia i valors: expliquem hist\u00f2ries perqu\u00e8 generem m\u00faltiples accions\u00bb<em>.<\/em><\/p>\n<p>\n<div style=\"clear:both\"><\/div><\/div>\n<figure id=\"attachment_221\" aria-describedby=\"caption-attachment-221\" style=\"width: 620px\" class=\"wp-caption aligncenter\"><img loading=\"lazy\" class=\"size-full wp-image-221\" src=\"\/wp-content\/uploads\/sites\/7\/2017\/11\/PID_00279735_23.jpg\" alt=\"\" width=\"620\" height=\"349\" srcset=\"\/wp-content\/uploads\/sites\/7\/2017\/11\/PID_00279735_23.jpg 620w, \/wp-content\/uploads\/sites\/7\/2017\/11\/PID_00279735_23-300x169.jpg 300w\" sizes=\"(max-width: 620px) 100vw, 620px\" \/><figcaption id=\"caption-attachment-221\" class=\"wp-caption-text\">Figura 10. Coca-Cola M\u00e8xic compta amb perfils actius en les principals xarxes socials. El seu <em>storytelling<\/em> el 2020 va combinar refer\u00e8ncies solid\u00e0ries durant la pand\u00e8mia (#hagamosestojuntos) amb la narraci\u00f3 sobre les <em>fonditas, taquer\u00edas<\/em> i <em>tienditas<\/em> pr\u00f2pies del pa\u00eds (on es venen els productes de l&#8217;empresa).<br \/>Font: canal d&#8217;Ind\u00fastria Mexicana de Coca-Cola a YouTube, 2020.<\/figcaption><\/figure>\n<p>Aix\u00ed, dins de l&#8217;estrat\u00e8gia de m\u00e0rqueting pr\u00f2pia d&#8217;un relat de marca on els canals digitals ocupin un lloc (necess\u00e0riament) prominent, pot activar-se la capacitat de mobilitzar els usuaris i inserir-los de m\u00faltiples formes en l&#8217;univers de la marca, la qual cosa veurem aplicada en el subapartat seg\u00fcent mitjan\u00e7ant l&#8217;anomenat transm\u00e8dia.<\/p>\n","protected":false},"excerpt":{"rendered":"<p>Hist\u00f2ricament, les marques ens acompanyen des que existeixen les transaccions comercials. No obstant aix\u00f2, dos punts de gir recent han consolidat la seva import\u00e0ncia: La proliferaci\u00f3 de marques personals des de la d\u00e8cada de 1990, de manera que les declaracions de marca de qualsevol empresa tamb\u00e9 poden atribuir-se a persones o personatges p\u00fablics. \u00c9s a [&hellip;]<\/p>\n","protected":false},"author":1,"featured_media":0,"parent":0,"menu_order":0,"comment_status":"closed","ping_status":"closed","template":"","meta":[],"acf":[],"_links":{"self":[{"href":"http:\/\/social-media-strategy.aula.uoc.edu\/storytelling\/wp-json\/wp\/v2\/pages\/109"}],"collection":[{"href":"http:\/\/social-media-strategy.aula.uoc.edu\/storytelling\/wp-json\/wp\/v2\/pages"}],"about":[{"href":"http:\/\/social-media-strategy.aula.uoc.edu\/storytelling\/wp-json\/wp\/v2\/types\/page"}],"author":[{"embeddable":true,"href":"http:\/\/social-media-strategy.aula.uoc.edu\/storytelling\/wp-json\/wp\/v2\/users\/1"}],"replies":[{"embeddable":true,"href":"http:\/\/social-media-strategy.aula.uoc.edu\/storytelling\/wp-json\/wp\/v2\/comments?post=109"}],"version-history":[{"count":7,"href":"http:\/\/social-media-strategy.aula.uoc.edu\/storytelling\/wp-json\/wp\/v2\/pages\/109\/revisions"}],"predecessor-version":[{"id":330,"href":"http:\/\/social-media-strategy.aula.uoc.edu\/storytelling\/wp-json\/wp\/v2\/pages\/109\/revisions\/330"}],"wp:attachment":[{"href":"http:\/\/social-media-strategy.aula.uoc.edu\/storytelling\/wp-json\/wp\/v2\/media?parent=109"}],"curies":[{"name":"wp","href":"https:\/\/api.w.org\/{rel}","templated":true}]}}