{"id":229,"date":"2017-11-27T14:30:04","date_gmt":"2017-11-27T14:30:04","guid":{"rendered":"http:\/\/social-media-strategy.aula.uoc.edu\/legal\/4-conclusiones\/"},"modified":"2022-11-19T17:26:11","modified_gmt":"2022-11-19T17:26:11","slug":"4-conclusions","status":"publish","type":"page","link":"http:\/\/social-media-strategy.aula.uoc.edu\/legal\/4-conclusions\/","title":{"rendered":"4. Conclusions"},"content":{"rendered":"<p>Com sabem, els mitjans socials exerceixen un paper fonamental en les nostres vides, i s\u00f3n un instrument indispensable en les relacions personals i professionals. Ara b\u00e9, malgrat les bondats d\u2019aquests serveis, s\u2019ha vist que impliquen una s\u00e8rie de riscos, per la qual cosa \u00e9s aconsellable tenir un coneixement adequat tant de la legislaci\u00f3 aplicable com de les pol\u00edtiques particulars d\u2019aquestes plataformes.<\/p>\n<p>En aquest punt, farem una s\u00e8rie de recomanacions que qualsevol responsable de publicaci\u00f3 en mitjans socials ha de tenir en compte, i s\u00f3n les seg\u00fcents:<\/p>\n<p>1) \u00c9s aconsellable que la titular d\u2019una p\u00e0gina o d\u2019un perfil de qualsevol mitj\u00e0 social que permeti a altres usu\u00e0ries publicar els comentaris delimiti, de forma clara i visible, una s\u00e8rie d\u2019advertiments sobre el contingut de les opinions o dels missatges que s\u2019hi poden abocar. D\u2019aquesta manera, en cas que es publiquin comentaris lesius, quedar\u00e0 exempt de responsabilitat (sense perjudici que, tan aviat com en tingui coneixement, procedeixi a eliminar-los).<\/p>\n<p>2) \u00c9s imprescindible que la titular del compte (o la responsable de publicaci\u00f3) s\u2019asseguri que els continguts que es comparteixen mitjan\u00e7ant la seva p\u00e0gina o perfil a la xarxa social no vulneren drets d\u2019autora. Com a regla general, reproduir continguts d\u2019altres sense el seu consentiment \u00e9s il\u00b7legal. No obstant aix\u00f2, \u00e9s possible fer \u00fas de continguts publicats pr\u00e8viament per tercers quan les llic\u00e8ncies assignades a aquests continguts ho permetin (com passa amb les llic\u00e8ncies Creative Commons).<\/p>\n<p>3) \u00c9s essencial que les publicacions en mitjans socials respectin els drets fonamentals a l\u2019honor, a la intimitat i a la imatge, i tamb\u00e9 els drets d\u2019autor i els drets de protecci\u00f3 de dades.<\/p>\n<p>4) Pel que fa a les activitats publicit\u00e0ries, \u00e9s important tenir presents les normes de cadascun dels mitjans socials, at\u00e8s que alguns imposen indicacions espec\u00edfiques quan es tracta d\u2019organitzar-hi activitats com ara sorteigs o promocions.<\/p>\n","protected":false},"excerpt":{"rendered":"<p>Com sabem, els mitjans socials exerceixen un paper fonamental en les nostres vides, i s\u00f3n un instrument indispensable en les relacions personals i professionals. Ara b\u00e9, malgrat les bondats d\u2019aquests serveis, s\u2019ha vist que impliquen una s\u00e8rie de riscos, per la qual cosa \u00e9s aconsellable tenir un coneixement adequat tant de la legislaci\u00f3 aplicable com [&hellip;]<\/p>\n","protected":false},"author":1,"featured_media":0,"parent":0,"menu_order":0,"comment_status":"closed","ping_status":"closed","template":"","meta":[],"acf":[],"_links":{"self":[{"href":"http:\/\/social-media-strategy.aula.uoc.edu\/legal\/wp-json\/wp\/v2\/pages\/229"}],"collection":[{"href":"http:\/\/social-media-strategy.aula.uoc.edu\/legal\/wp-json\/wp\/v2\/pages"}],"about":[{"href":"http:\/\/social-media-strategy.aula.uoc.edu\/legal\/wp-json\/wp\/v2\/types\/page"}],"author":[{"embeddable":true,"href":"http:\/\/social-media-strategy.aula.uoc.edu\/legal\/wp-json\/wp\/v2\/users\/1"}],"replies":[{"embeddable":true,"href":"http:\/\/social-media-strategy.aula.uoc.edu\/legal\/wp-json\/wp\/v2\/comments?post=229"}],"version-history":[{"count":5,"href":"http:\/\/social-media-strategy.aula.uoc.edu\/legal\/wp-json\/wp\/v2\/pages\/229\/revisions"}],"predecessor-version":[{"id":483,"href":"http:\/\/social-media-strategy.aula.uoc.edu\/legal\/wp-json\/wp\/v2\/pages\/229\/revisions\/483"}],"wp:attachment":[{"href":"http:\/\/social-media-strategy.aula.uoc.edu\/legal\/wp-json\/wp\/v2\/media?parent=229"}],"curies":[{"name":"wp","href":"https:\/\/api.w.org\/{rel}","templated":true}]}}