{"id":198,"date":"2017-11-27T13:46:13","date_gmt":"2017-11-27T13:46:13","guid":{"rendered":"http:\/\/social-media-strategy.aula.uoc.edu\/legal\/3-5-2-la-red-social-facebook\/"},"modified":"2022-11-19T16:37:37","modified_gmt":"2022-11-19T16:37:37","slug":"3-5-2-la-xarxa-social-facebook","status":"publish","type":"page","link":"http:\/\/social-media-strategy.aula.uoc.edu\/legal\/3-5-2-la-xarxa-social-facebook\/","title":{"rendered":"3.5.2. La xarxa social: Facebook"},"content":{"rendered":"<p>Facebook, continua sent una de les xarxes socials de comunicaci\u00f3 de major impacte.<\/p>\n<p>A trav\u00e9s d&#8217;una declaraci\u00f3 de drets i responsabilitats, la plataforma estableix les condicions de servei que regeixen les relacions entre les usu\u00e0ries, aix\u00ed com amb les marques, els productes i els altres serveis de Facebook<em>. <\/em><\/p>\n<p>Com a responsables de publicaci\u00f3 a la xarxa social, tindrem en compte el seg\u00fcent:<\/p>\n<p>1) Quan compartim qualsevol contingut subjecte al dret de propietat intel\u00b7lectual (segons els par\u00e0metres de l&#8217;art. 10.1 LPI) es concedeix a Facebook una llic\u00e8ncia de propietat intel\u00b7lectual no exclusiva, aix\u00f2 \u00e9s, transferible a altres empreses vinculades a Facebook, i aplicable globalment.<\/p>\n<p>Aquesta llic\u00e8ncia finalitza quan s&#8217;elimina el contingut o el compte, tret que aquest contingut s&#8217;hagi compartit amb tercers i aquests no l&#8217;hagin eliminat, circumst\u00e0ncia m\u00e9s que probable a la xarxa social.<\/p>\n<p>Encara m\u00e9s, Facebook ens adverteix que el contingut eliminat romandr\u00e0 en c\u00f2pies de seguretat durant un termini de temps \u201craonable\u201d (si b\u00e9 no estar\u00e0 disponible per a tercers).<\/p>\n<p>2) Quan publiquem contingut o informaci\u00f3 amb la configuraci\u00f3 \u00abP\u00fablico\u00bb, significa que permetem que tothom, incloses les persones que s\u00f3n alienes a Facebook, accedeixi i utilitzi aquesta informaci\u00f3 i l&#8217;associ\u00ef a nosaltres (per exemple, el nostre nom i foto de perfil).<\/p>\n<p>3) Si el que es pret\u00e9n \u00e9s fer una campanya o un anunci per a un negoci o una empresa, la xarxa social posa a la disposici\u00f3 de les usu\u00e0ries una plataforma de publicitat: Facebook Ads.<\/p>\n<p>4) La xarxa social proporciona a les sevas usu\u00e0ries les eines necess\u00e0ries per a ajudar-los a protegir els drets de propietat intel\u00b7lectual.<\/p>\n","protected":false},"excerpt":{"rendered":"<p>Facebook, continua sent una de les xarxes socials de comunicaci\u00f3 de major impacte. A trav\u00e9s d&#8217;una declaraci\u00f3 de drets i responsabilitats, la plataforma estableix les condicions de servei que regeixen les relacions entre les usu\u00e0ries, aix\u00ed com amb les marques, els productes i els altres serveis de Facebook. Com a responsables de publicaci\u00f3 a la [&hellip;]<\/p>\n","protected":false},"author":1,"featured_media":0,"parent":0,"menu_order":0,"comment_status":"closed","ping_status":"closed","template":"","meta":[],"acf":[],"_links":{"self":[{"href":"http:\/\/social-media-strategy.aula.uoc.edu\/legal\/wp-json\/wp\/v2\/pages\/198"}],"collection":[{"href":"http:\/\/social-media-strategy.aula.uoc.edu\/legal\/wp-json\/wp\/v2\/pages"}],"about":[{"href":"http:\/\/social-media-strategy.aula.uoc.edu\/legal\/wp-json\/wp\/v2\/types\/page"}],"author":[{"embeddable":true,"href":"http:\/\/social-media-strategy.aula.uoc.edu\/legal\/wp-json\/wp\/v2\/users\/1"}],"replies":[{"embeddable":true,"href":"http:\/\/social-media-strategy.aula.uoc.edu\/legal\/wp-json\/wp\/v2\/comments?post=198"}],"version-history":[{"count":6,"href":"http:\/\/social-media-strategy.aula.uoc.edu\/legal\/wp-json\/wp\/v2\/pages\/198\/revisions"}],"predecessor-version":[{"id":457,"href":"http:\/\/social-media-strategy.aula.uoc.edu\/legal\/wp-json\/wp\/v2\/pages\/198\/revisions\/457"}],"wp:attachment":[{"href":"http:\/\/social-media-strategy.aula.uoc.edu\/legal\/wp-json\/wp\/v2\/media?parent=198"}],"curies":[{"name":"wp","href":"https:\/\/api.w.org\/{rel}","templated":true}]}}

<p>Facebook, continua sent una de les xarxes socials de comunicació de major impacte.</p>
<p>A través d&#8217;una declaració de drets i responsabilitats, la plataforma estableix les condicions de servei que regeixen les relacions entre les usuàries, així com amb les marques, els productes i els altres serveis de Facebook<em>. </em></p>
<p>Com a responsables de publicació a la xarxa social, tindrem en compte el següent:</p>
<p>1) Quan compartim qualsevol contingut subjecte al dret de propietat intel·lectual (segons els paràmetres de l&#8217;art. 10.1 LPI) es concedeix a Facebook una llicència de propietat intel·lectual no exclusiva, això és, transferible a altres empreses vinculades a Facebook, i aplicable globalment.</p>
<p>Aquesta llicència finalitza quan s&#8217;elimina el contingut o el compte, tret que aquest contingut s&#8217;hagi compartit amb tercers i aquests no l&#8217;hagin eliminat, circumstància més que probable a la xarxa social.</p>
<p>Encara més, Facebook ens adverteix que el contingut eliminat romandrà en còpies de seguretat durant un termini de temps “raonable” (si bé no estarà disponible per a tercers).</p>
<p>2) Quan publiquem contingut o informació amb la configuració «Público», significa que permetem que tothom, incloses les persones que són alienes a Facebook, accedeixi i utilitzi aquesta informació i l&#8217;associï a nosaltres (per exemple, el nostre nom i foto de perfil).</p>
<p>3) Si el que es pretén és fer una campanya o un anunci per a un negoci o una empresa, la xarxa social posa a la disposició de les usuàries una plataforma de publicitat: Facebook Ads.</p>
<p>4) La xarxa social proporciona a les sevas usuàries les eines necessàries per a ajudar-los a protegir els drets de propietat intel·lectual.</p>

<p>Facebook, continua sent una de les xarxes socials de comunicació de major impacte. A través d&#8217;una declaració de drets i responsabilitats, la plataforma estableix les condicions de servei que regeixen les relacions entre les usuàries, així com amb les marques, els productes i els altres serveis de Facebook. Com a responsables de publicació a la [&hellip;]</p>
