{"id":168,"date":"2017-11-27T13:23:27","date_gmt":"2017-11-27T13:23:27","guid":{"rendered":"http:\/\/social-media-strategy.aula.uoc.edu\/legal\/3-3-2-la-exencion-domestica\/"},"modified":"2022-11-19T11:42:06","modified_gmt":"2022-11-19T11:42:06","slug":"3-3-2-lexempcio-domestica","status":"publish","type":"page","link":"http:\/\/social-media-strategy.aula.uoc.edu\/legal\/3-3-2-lexempcio-domestica\/","title":{"rendered":"3.3.2. L\u2019\u00abexempci\u00f3 dom\u00e8stica\u00bb"},"content":{"rendered":"<p>Amb car\u00e0cter general, l\u2019activitat dels usuaris de mitjans socials es desenvolupa en un \u00e0mbit estrictament dom\u00e8stic o privat. En aquests casos, no resulta aplicable la normativa sobre protecci\u00f3 de dades (aix\u00ed s\u2019estableix en l\u2019art. 2.2.a de la LOPD, en l\u2019art. 4 del RLOPD, i en l\u2019art. 3.2 de la Directiva 95\/46\/CE).<\/p>\n<p>Ara b\u00e9, la referida \u00abexempci\u00f3 dom\u00e8stica\u00bb no empara a les usu\u00e0ries en tot cas. El Grup de Treball de l\u2019<a href=\"javascript:void(0);\" class=\"tooltip\" data-toggle=\"popover\" data-placement=\"bottom\" data-content=\"El Grup de Treball de l\u2019Article 29 (GT 29), creat per la Directiva 95\/46\/CE, \u00e9s un \u00f2rgan consultiu independent integrat per les Autoritats de Protecci\u00f3 de Dades de tots els estats membres, el Supervisor Europeu de Protecci\u00f3 de Dades i la Comissi\u00f3 Europea.\" data-placement=\"top\" data-html=\"true\">Article 29<\/a> (Dictamen 5\/2009) ha delimitat<strong> tres sup\u00f2sits concrets<\/strong> en els quals l\u2019activitat dels usuaris no quedar\u00e0 coberta per aquesta excepci\u00f3, i s\u00f3n els seg\u00fcents:<\/p>\n<p>1) Quan els mitjans socials s\u2019utilitzin com a plataforma de col\u00b7laboraci\u00f3 per a una associaci\u00f3 o una empresa. \u00c9s a dir, si una usu\u00e0ria de xarxes, blogs, wikis, etc. actua en nom d\u2019una societat o d\u2019una associaci\u00f3, o utilitza la xarxa principalment com una plataforma per a aconseguir objectius comercials, pol\u00edtics o ben\u00e8fics, l\u2019exempci\u00f3 no s\u2019aplica, havent-se de complir totes les obligacions en mat\u00e8ria de protecci\u00f3 de dades, i basant-se en la consideraci\u00f3 que es requereix el consentiment de l\u2019interessat.<\/p>\n<div class=\"featured featured-grey\"><\/p>\n<p>Pensem, per exemple, en la persona que utilitza el seu perfil d&#8217;Instagram per a publicitar els productes d&#8217;una empresa, com fan els representants d&#8217;Avon, Herbalife, etc.<\/p>\n<div style=\"clear:both\"><\/div><\/div>\n<p>2) Quan es publiquin dades especialment protegides, com l\u2019origen racial o \u00e8tnic, les opinions pol\u00edtiques, les creences religioses o filos\u00f2fiques, la pertinen\u00e7a a un sindicat, o dades relatives a la salut o a la vida sexual. En aquests sup\u00f2sits \u00e9s imprescindible obtenir el consentiment de l\u2019interessat, tret que aquest hagi dut a terme accions perqu\u00e8 les dades siguin manifestament p\u00fabliques.<\/p>\n<p>3) Si el perfil d\u2019una usu\u00e0ria en una xarxa social (o de qualsevol altre mitj\u00e0) s\u2019amplia a tots els membres de la xarxa social, l\u2019acc\u00e9s surt de l\u2019esfera personal o dom\u00e8stica, i per tant serien aplicables les previsions de la normativa de protecci\u00f3 de dades. No obstant aix\u00f2, en aquests sup\u00f2sits el Grup de Treball reconeix que l\u2019usu\u00e0ria d\u2019una xarxa social pot beneficiar-se d\u2019altres exempcions com, per exemple, l\u2019exempci\u00f3 amb finalitats period\u00edstiques o d\u2019expressi\u00f3 liter\u00e0ria o art\u00edstica. En aquests casos, segons apunten, cal arribar a un equilibri entre la llibertat d\u2019expressi\u00f3 i el dret a la privadesa.<\/p>\n<div class=\"featured featured-blue\"><\/p>\n<p>El grup de treball de l&#8217;article 29 (GT 29), creat per la Directiva 95\/46\/CE, \u00e9s un \u00f2rgan consultiu independent integrat per les Autoritats de Protecci\u00f3 de Dades de tots els estats membres, el Supervisor Europeu de Protecci\u00f3 de Dades i la Comissi\u00f3 Europea.<\/p>\n<p>Fins a l&#8217;entrada en vigor del Reglament Europeu, el GT 29 s&#8217;ha ocupat de q\u00fcestions relacionades amb la protecci\u00f3 de la privacitat i les dades personals.<\/p>\n<p>\n<div style=\"clear:both\"><\/div><\/div>\n","protected":false},"excerpt":{"rendered":"<p>Amb car\u00e0cter general, l\u2019activitat dels usuaris de mitjans socials es desenvolupa en un \u00e0mbit estrictament dom\u00e8stic o privat. En aquests casos, no resulta aplicable la normativa sobre protecci\u00f3 de dades (aix\u00ed s\u2019estableix en l\u2019art. 2.2.a de la LOPD, en l\u2019art. 4 del RLOPD, i en l\u2019art. 3.2 de la Directiva 95\/46\/CE). Ara b\u00e9, la referida [&hellip;]<\/p>\n","protected":false},"author":1,"featured_media":0,"parent":0,"menu_order":0,"comment_status":"closed","ping_status":"closed","template":"","meta":[],"acf":[],"_links":{"self":[{"href":"http:\/\/social-media-strategy.aula.uoc.edu\/legal\/wp-json\/wp\/v2\/pages\/168"}],"collection":[{"href":"http:\/\/social-media-strategy.aula.uoc.edu\/legal\/wp-json\/wp\/v2\/pages"}],"about":[{"href":"http:\/\/social-media-strategy.aula.uoc.edu\/legal\/wp-json\/wp\/v2\/types\/page"}],"author":[{"embeddable":true,"href":"http:\/\/social-media-strategy.aula.uoc.edu\/legal\/wp-json\/wp\/v2\/users\/1"}],"replies":[{"embeddable":true,"href":"http:\/\/social-media-strategy.aula.uoc.edu\/legal\/wp-json\/wp\/v2\/comments?post=168"}],"version-history":[{"count":6,"href":"http:\/\/social-media-strategy.aula.uoc.edu\/legal\/wp-json\/wp\/v2\/pages\/168\/revisions"}],"predecessor-version":[{"id":441,"href":"http:\/\/social-media-strategy.aula.uoc.edu\/legal\/wp-json\/wp\/v2\/pages\/168\/revisions\/441"}],"wp:attachment":[{"href":"http:\/\/social-media-strategy.aula.uoc.edu\/legal\/wp-json\/wp\/v2\/media?parent=168"}],"curies":[{"name":"wp","href":"https:\/\/api.w.org\/{rel}","templated":true}]}}

3.3.2. L’«exempció domèstica»

<p>Amb caràcter general, l’activitat dels usuaris de mitjans socials es desenvolupa en un àmbit estrictament domèstic o privat. En aquests casos, no resulta aplicable la normativa sobre protecció de dades (així s’estableix en l’art. 2.2.a de la LOPD, en l’art. 4 del RLOPD, i en l’art. 3.2 de la Directiva 95/46/CE).</p>
<p>Ara bé, la referida «exempció domèstica» no empara a les usuàries en tot cas. El Grup de Treball de l’<a href="javascript:void(0);" class="tooltip" data-toggle="popover" data-placement="bottom" data-content="El Grup de Treball de l’Article 29 (GT 29), creat per la Directiva 95/46/CE, és un òrgan consultiu independent integrat per les Autoritats de Protecció de Dades de tots els estats membres, el Supervisor Europeu de Protecció de Dades i la Comissió Europea." data-placement="top" data-html="true">Article 29</a> (Dictamen 5/2009) ha delimitat<strong> tres supòsits concrets</strong> en els quals l’activitat dels usuaris no quedarà coberta per aquesta excepció, i són els següents:</p>
<p>1) Quan els mitjans socials s’utilitzin com a plataforma de col·laboració per a una associació o una empresa. És a dir, si una usuària de xarxes, blogs, wikis, etc. actua en nom d’una societat o d’una associació, o utilitza la xarxa principalment com una plataforma per a aconseguir objectius comercials, polítics o benèfics, l’exempció no s’aplica, havent-se de complir totes les obligacions en matèria de protecció de dades, i basant-se en la consideració que es requereix el consentiment de l’interessat.</p>
<div class="featured featured-grey"></p>
<p>Pensem, per exemple, en la persona que utilitza el seu perfil d&#8217;Instagram per a publicitar els productes d&#8217;una empresa, com fan els representants d&#8217;Avon, Herbalife, etc.</p>
<div style="clear:both"></div></div>
<p>2) Quan es publiquin dades especialment protegides, com l’origen racial o ètnic, les opinions polítiques, les creences religioses o filosòfiques, la pertinença a un sindicat, o dades relatives a la salut o a la vida sexual. En aquests supòsits és imprescindible obtenir el consentiment de l’interessat, tret que aquest hagi dut a terme accions perquè les dades siguin manifestament públiques.</p>
<p>3) Si el perfil d’una usuària en una xarxa social (o de qualsevol altre mitjà) s’amplia a tots els membres de la xarxa social, l’accés surt de l’esfera personal o domèstica, i per tant serien aplicables les previsions de la normativa de protecció de dades. No obstant això, en aquests supòsits el Grup de Treball reconeix que l’usuària d’una xarxa social pot beneficiar-se d’altres exempcions com, per exemple, l’exempció amb finalitats periodístiques o d’expressió literària o artística. En aquests casos, segons apunten, cal arribar a un equilibri entre la llibertat d’expressió i el dret a la privadesa.</p>
<div class="featured featured-blue"></p>
<p>El grup de treball de l&#8217;article 29 (GT 29), creat per la Directiva 95/46/CE, és un òrgan consultiu independent integrat per les Autoritats de Protecció de Dades de tots els estats membres, el Supervisor Europeu de Protecció de Dades i la Comissió Europea.</p>
<p>Fins a l&#8217;entrada en vigor del Reglament Europeu, el GT 29 s&#8217;ha ocupat de qüestions relacionades amb la protecció de la privacitat i les dades personals.</p>
<p>
<div style="clear:both"></div></div>

<p>Amb caràcter general, l’activitat dels usuaris de mitjans socials es desenvolupa en un àmbit estrictament domèstic o privat. En aquests casos, no resulta aplicable la normativa sobre protecció de dades (així s’estableix en l’art. 2.2.a de la LOPD, en l’art. 4 del RLOPD, i en l’art. 3.2 de la Directiva 95/46/CE). Ara bé, la referida [&hellip;]</p>
