{"id":163,"date":"2017-11-27T13:20:50","date_gmt":"2017-11-27T13:20:50","guid":{"rendered":"http:\/\/social-media-strategy.aula.uoc.edu\/legal\/3-3-1-concepto-y-contenido\/"},"modified":"2022-11-19T11:36:56","modified_gmt":"2022-11-19T11:36:56","slug":"3-3-1-concepte-i-contingut","status":"publish","type":"page","link":"http:\/\/social-media-strategy.aula.uoc.edu\/legal\/3-3-1-concepte-i-contingut\/","title":{"rendered":"3.3.1. Concepte i contingut"},"content":{"rendered":"<p>El dret fonamental a la protecci\u00f3 de les dades personals, constitucionalment reconegut a l&#8217;article 18.4 CE, \u00e9s aquell que t\u00e9 tot ciutad\u00e0 per a controlar les seves dades personals, i per a disposar i decidir sobre aquestes.<\/p>\n<div class=\"featured featured-grey\"><\/p>\n<p><strong>Estudi de cas<\/strong><\/p>\n<p>\u00c9s convenient recordar que va ser el Tribunal Constitucional, en la Sent\u00e8ncia 292\/2000, de 30 de novembre, que porta la seva causa en el recurso d&#8217;inconstitucionalitat contra certs incisos dels articles. 21.1 i 24.1 y 2 de la Llei org\u00e0nica de protecci\u00f3 de dades de car\u00e0cter personal de 1999, el qual parl\u00e0,\u00a0per primera vegada, del Dret fonamental de protecci\u00f3 de dades com a <strong>dret aut\u00f2nom<\/strong> (diferent del dret a la intimitat):<\/p>\n<blockquote>\n<p>\u00abAquest dret fonamental a la protecci\u00f3 de dades, a difer\u00e8ncia del dret a la intimitat de l\u2019article 18.1 CE, amb qui comparteix l\u2019objectiu d\u2019oferir una efica\u00e7 protecci\u00f3 constitucional de la vida privada personal i familiar, atribueix al titular un feix de facultats que consisteix en gran part en el poder jur\u00eddic d\u2019imposar a tercers la realitzaci\u00f3 o omissi\u00f3 de determinats comportaments, la concreta regulaci\u00f3 dels quals ha d\u2019establir la llei, aquella que conforme a l\u2019article 18.4 CE ha de limitar l\u2019\u00fas de la inform\u00e0tica, b\u00e9 desenvolupant el dret fonamental a la protecci\u00f3 de dades (art. 81.1 CE), o b\u00e9 regulant-ne l\u2019exercici (art. 53.1 CE). La peculiaritat d\u2019aquest dret fonamental a la protecci\u00f3 de dades respecte a aquell dret fonamental tan af\u00ed com \u00e9s el de la intimitat radica, doncs, en la diferent funci\u00f3, la qual cosa comporta, per tant, que tamb\u00e9 en difereixin l\u2019objecte i el contingut.\u00bb<\/p>\n<\/blockquote>\n<p>Accedeix al text \u00edntegre de la sent\u00e8ncia:<\/p>\n<p><u><a href=\"http:\/\/hj.tribunalconstitucional.es\/es-ES\/Resolucion\/Show\/4276\" target=\"_blank\" rel=\"noopener\">http:\/\/hj.tribunalconstitucional.es\/es-ES\/Resolucion\/Show\/4276<\/a>.<\/u><\/p>\n<p>\n<div style=\"clear:both\"><\/div><\/div>\n","protected":false},"excerpt":{"rendered":"<p>El dret fonamental a la protecci\u00f3 de les dades personals, constitucionalment reconegut a l&#8217;article 18.4 CE, \u00e9s aquell que t\u00e9 tot ciutad\u00e0 per a controlar les seves dades personals, i per a disposar i decidir sobre aquestes.<\/p>\n","protected":false},"author":1,"featured_media":0,"parent":0,"menu_order":0,"comment_status":"closed","ping_status":"closed","template":"","meta":[],"acf":[],"_links":{"self":[{"href":"http:\/\/social-media-strategy.aula.uoc.edu\/legal\/wp-json\/wp\/v2\/pages\/163"}],"collection":[{"href":"http:\/\/social-media-strategy.aula.uoc.edu\/legal\/wp-json\/wp\/v2\/pages"}],"about":[{"href":"http:\/\/social-media-strategy.aula.uoc.edu\/legal\/wp-json\/wp\/v2\/types\/page"}],"author":[{"embeddable":true,"href":"http:\/\/social-media-strategy.aula.uoc.edu\/legal\/wp-json\/wp\/v2\/users\/1"}],"replies":[{"embeddable":true,"href":"http:\/\/social-media-strategy.aula.uoc.edu\/legal\/wp-json\/wp\/v2\/comments?post=163"}],"version-history":[{"count":5,"href":"http:\/\/social-media-strategy.aula.uoc.edu\/legal\/wp-json\/wp\/v2\/pages\/163\/revisions"}],"predecessor-version":[{"id":438,"href":"http:\/\/social-media-strategy.aula.uoc.edu\/legal\/wp-json\/wp\/v2\/pages\/163\/revisions\/438"}],"wp:attachment":[{"href":"http:\/\/social-media-strategy.aula.uoc.edu\/legal\/wp-json\/wp\/v2\/media?parent=163"}],"curies":[{"name":"wp","href":"https:\/\/api.w.org\/{rel}","templated":true}]}}

<p>El dret fonamental a la protecció de les dades personals, constitucionalment reconegut a l&#8217;article 18.4 CE, és aquell que té tot ciutadà per a controlar les seves dades personals, i per a disposar i decidir sobre aquestes.</p>
<div class="featured featured-grey"></p>
<p><strong>Estudi de cas</strong></p>
<p>És convenient recordar que va ser el Tribunal Constitucional, en la Sentència 292/2000, de 30 de novembre, que porta la seva causa en el recurso d&#8217;inconstitucionalitat contra certs incisos dels articles. 21.1 i 24.1 y 2 de la Llei orgànica de protecció de dades de caràcter personal de 1999, el qual parlà, per primera vegada, del Dret fonamental de protecció de dades com a <strong>dret autònom</strong> (diferent del dret a la intimitat):</p>
<blockquote>
<p>«Aquest dret fonamental a la protecció de dades, a diferència del dret a la intimitat de l’article 18.1 CE, amb qui comparteix l’objectiu d’oferir una eficaç protecció constitucional de la vida privada personal i familiar, atribueix al titular un feix de facultats que consisteix en gran part en el poder jurídic d’imposar a tercers la realització o omissió de determinats comportaments, la concreta regulació dels quals ha d’establir la llei, aquella que conforme a l’article 18.4 CE ha de limitar l’ús de la informàtica, bé desenvolupant el dret fonamental a la protecció de dades (art. 81.1 CE), o bé regulant-ne l’exercici (art. 53.1 CE). La peculiaritat d’aquest dret fonamental a la protecció de dades respecte a aquell dret fonamental tan afí com és el de la intimitat radica, doncs, en la diferent funció, la qual cosa comporta, per tant, que també en difereixin l’objecte i el contingut.»</p>
</blockquote>
<p>Accedeix al text íntegre de la sentència:</p>
<p><u><a href="http://hj.tribunalconstitucional.es/es-ES/Resolucion/Show/4276" target="_blank" rel="noopener">http://hj.tribunalconstitucional.es/es-ES/Resolucion/Show/4276</a>.</u></p>
<p>
<div style="clear:both"></div></div>

<p>El dret fonamental a la protecció de les dades personals, constitucionalment reconegut a l&#8217;article 18.4 CE, és aquell que té tot ciutadà per a controlar les seves dades personals, i per a disposar i decidir sobre aquestes.</p>
