{"id":157,"date":"2017-11-27T13:06:59","date_gmt":"2017-11-27T13:06:59","guid":{"rendered":"http:\/\/social-media-strategy.aula.uoc.edu\/legal\/3-2-4-legislacion-aplicable\/"},"modified":"2021-01-31T17:46:55","modified_gmt":"2021-01-31T17:46:55","slug":"3-2-4-legislacio-aplicable","status":"publish","type":"page","link":"http:\/\/social-media-strategy.aula.uoc.edu\/legal\/3-2-4-legislacio-aplicable\/","title":{"rendered":"3.2.4. Legislaci\u00f3 aplicable"},"content":{"rendered":"<p>Malgrat les peculiaritats pr\u00f2pies de la web 3.0, <strong>els mecanismes de tutela dels drets a l\u2019honor, a la intimitat i a la imatge, establerts amb car\u00e0cter general en el nostre ordenament, s\u00f3n aplicables en sup\u00f2sits de vulneraci\u00f3 per mitjans virtuals<\/strong>.<\/p>\n<p>No trobem una llei que reguli de manera exclusiva aquests drets de la personalitat, sin\u00f3 que el tractament de la q\u00fcesti\u00f3 es troba recollit en les diverses <strong>normes nacionals<\/strong> (Constituci\u00f3 espanyola, LO 1\/1982, Llei org\u00e0nica 2\/1984, de 26 de mar\u00e7, reguladora del dret de rectificaci\u00f3 i Codi Penal), <strong>i internacionals<\/strong>, a saber:<\/p>\n<p>1) la Declaraci\u00f3 Universal dels Drets Humans de 10 de desembre de 1948;<\/p>\n<p>2) el Pacte Internacional de Drets Civils i Pol\u00edtics de 19 de desembre de 1966;<\/p>\n<p>3) la Convenci\u00f3 de Drets del Nen de 20 de novembre de 1989;<\/p>\n<p>4) el Conveni de Roma de 1950 (CEDH);<\/p>\n<p>5) el Conveni n\u00fam. 108 del Consell d&#8217;Europa per a la protecci\u00f3 de les persones respecte al tractament automatitzat de dades de car\u00e0cter personal;<\/p>\n<p>6) la Carta dels Drets Fonamentals de la Uni\u00f3 Europea, de 30 de mar\u00e7 de 2010;<\/p>\n<p>7) la Carta Europea de Drets del Nen, etc.<\/p>\n<p>&nbsp;<\/p>\n","protected":false},"excerpt":{"rendered":"<p>Malgrat les peculiaritats pr\u00f2pies de la web 3.0, els mecanismes de tutela dels drets a l\u2019honor, a la intimitat i a la imatge, establerts amb car\u00e0cter general en el nostre ordenament, s\u00f3n aplicables en sup\u00f2sits de vulneraci\u00f3 per mitjans virtuals. No trobem una llei que reguli de manera exclusiva aquests drets de la personalitat, sin\u00f3 [&hellip;]<\/p>\n","protected":false},"author":1,"featured_media":0,"parent":0,"menu_order":0,"comment_status":"closed","ping_status":"closed","template":"","meta":[],"acf":[],"_links":{"self":[{"href":"http:\/\/social-media-strategy.aula.uoc.edu\/legal\/wp-json\/wp\/v2\/pages\/157"}],"collection":[{"href":"http:\/\/social-media-strategy.aula.uoc.edu\/legal\/wp-json\/wp\/v2\/pages"}],"about":[{"href":"http:\/\/social-media-strategy.aula.uoc.edu\/legal\/wp-json\/wp\/v2\/types\/page"}],"author":[{"embeddable":true,"href":"http:\/\/social-media-strategy.aula.uoc.edu\/legal\/wp-json\/wp\/v2\/users\/1"}],"replies":[{"embeddable":true,"href":"http:\/\/social-media-strategy.aula.uoc.edu\/legal\/wp-json\/wp\/v2\/comments?post=157"}],"version-history":[{"count":4,"href":"http:\/\/social-media-strategy.aula.uoc.edu\/legal\/wp-json\/wp\/v2\/pages\/157\/revisions"}],"predecessor-version":[{"id":383,"href":"http:\/\/social-media-strategy.aula.uoc.edu\/legal\/wp-json\/wp\/v2\/pages\/157\/revisions\/383"}],"wp:attachment":[{"href":"http:\/\/social-media-strategy.aula.uoc.edu\/legal\/wp-json\/wp\/v2\/media?parent=157"}],"curies":[{"name":"wp","href":"https:\/\/api.w.org\/{rel}","templated":true}]}}

3.2.4. Legislació aplicable

<p>Malgrat les peculiaritats pròpies de la web 3.0, <strong>els mecanismes de tutela dels drets a l’honor, a la intimitat i a la imatge, establerts amb caràcter general en el nostre ordenament, són aplicables en supòsits de vulneració per mitjans virtuals</strong>.</p>
<p>No trobem una llei que reguli de manera exclusiva aquests drets de la personalitat, sinó que el tractament de la qüestió es troba recollit en les diverses <strong>normes nacionals</strong> (Constitució espanyola, LO 1/1982, Llei orgànica 2/1984, de 26 de març, reguladora del dret de rectificació i Codi Penal), <strong>i internacionals</strong>, a saber:</p>
<p>1) la Declaració Universal dels Drets Humans de 10 de desembre de 1948;</p>
<p>2) el Pacte Internacional de Drets Civils i Polítics de 19 de desembre de 1966;</p>
<p>3) la Convenció de Drets del Nen de 20 de novembre de 1989;</p>
<p>4) el Conveni de Roma de 1950 (CEDH);</p>
<p>5) el Conveni núm. 108 del Consell d&#8217;Europa per a la protecció de les persones respecte al tractament automatitzat de dades de caràcter personal;</p>
<p>6) la Carta dels Drets Fonamentals de la Unió Europea, de 30 de març de 2010;</p>
<p>7) la Carta Europea de Drets del Nen, etc.</p>
<p>&nbsp;</p>

<p>Malgrat les peculiaritats pròpies de la web 3.0, els mecanismes de tutela dels drets a l’honor, a la intimitat i a la imatge, establerts amb caràcter general en el nostre ordenament, són aplicables en supòsits de vulneració per mitjans virtuals. No trobem una llei que reguli de manera exclusiva aquests drets de la personalitat, sinó [&hellip;]</p>
