{"id":152,"date":"2017-11-27T13:00:52","date_gmt":"2017-11-27T13:00:52","guid":{"rendered":"http:\/\/social-media-strategy.aula.uoc.edu\/legal\/3-2-3-las-intromisiones-ilegitimas-en-los-derechos-al-honor-intimidad-y-propia-imagen-a-traves-de-los-medios-sociales\/"},"modified":"2021-01-31T17:43:37","modified_gmt":"2021-01-31T17:43:37","slug":"3-2-3-les-intromissions-il%e2%80%a2legitimes-en-els-drets-a-lhonor-a-la-intimitat-i-a-la-imatge-pels-mitjans-socials","status":"publish","type":"page","link":"http:\/\/social-media-strategy.aula.uoc.edu\/legal\/3-2-3-les-intromissions-il%e2%80%a2legitimes-en-els-drets-a-lhonor-a-la-intimitat-i-a-la-imatge-pels-mitjans-socials\/","title":{"rendered":"3.2.3. Les intromissions il\u00b7leg\u00edtimes en els drets a l\u2019honor, a la intimitat i a la pr\u00f2pia imatge a trav\u00e9s dels mitjans socials"},"content":{"rendered":"<p>La Llei org\u00e0nica 1\/1982, de 5 de maig, sobre protecci\u00f3 civil del dret a l\u2019honor, a la intimitat personal i familiar i a la imatge, concretament en els articles 7 i 8, els quals determinen quins fets o circumst\u00e0ncies tindran la consideraci\u00f3 d\u2019<strong>intromissions il\u00b7leg\u00edtimes en els drets fonamentals<\/strong>, com per exemple:<\/p>\n<ul>\n<li>La divulgaci\u00f3 de fets relatius a la vida privada d\u2019una persona o d\u2019una fam\u00edlia que n\u2019afectin la reputaci\u00f3 i el bon nom.<\/li>\n<li>La captaci\u00f3, reproducci\u00f3 o publicaci\u00f3 per fotografia, film, o qualsevol altre procediment, de la imatge d\u2019una persona en llocs o moments de la seva vida privada o fora d\u2019ells, excepte quan es tracti de persones que exerceixin un c\u00e0rrec p\u00fablic o una professi\u00f3 de notorietat o projecci\u00f3 p\u00fablica, i la imatge es capti durant un acte p\u00fablic o en llocs oberts al p\u00fablic.<\/li>\n<li>La utilitzaci\u00f3 del nom, de la veu o de la imatge d\u2019una persona per a finalitats publicit\u00e0ries, comercials o de naturalesa an\u00e0loga.<\/li>\n<\/ul>\n<p>Cal afegir que, segons disposa l\u2019article 8, ser\u00e0 admissible \u00abla informaci\u00f3 gr\u00e0fica sobre un succ\u00e9s o un esdeveniment p\u00fablic quan la imatge d\u2019una persona determinada aparegui com merament access\u00f2ria\u00bb.<\/p>\n<div class=\"featured featured-grey\"><\/p>\n<p><strong>Estudi de cas<\/strong><\/p>\n<p>El titular d&#8217;una web dedicada, per exemple, al turisme, tindr\u00e0 en compte que\u2026<\/p>\n<p>No podr\u00e0 utilitzar la foto d&#8217;un grup de persones vestides amb vestit regional per a publicitar les festes patronals de la regi\u00f3, quan els individus resultin identificables, i no hagin prestat el seu consentiment expr\u00e9s.<\/p>\n<p>Aix\u00ed ho ha manifestat el nostre Tribunal Suprem en nombroses ocasions. Per totes, STS 1120\/2008, 19 de novembre de 2008, que porta la seva causa en la difusi\u00f3 de la fotografia de dos menors vestits amb vestit regional a la Fira de Sevilla.<\/p>\n<p>\n<div style=\"clear:both\"><\/div><\/div>\n","protected":false},"excerpt":{"rendered":"<p>La Llei org\u00e0nica 1\/1982, de 5 de maig, sobre protecci\u00f3 civil del dret a l\u2019honor, a la intimitat personal i familiar i a la imatge, concretament en els articles 7 i 8, els quals determinen quins fets o circumst\u00e0ncies tindran la consideraci\u00f3 d\u2019intromissions il\u00b7leg\u00edtimes en els drets fonamentals, com per exemple: La divulgaci\u00f3 de fets [&hellip;]<\/p>\n","protected":false},"author":1,"featured_media":0,"parent":0,"menu_order":0,"comment_status":"closed","ping_status":"closed","template":"","meta":[],"acf":[],"_links":{"self":[{"href":"http:\/\/social-media-strategy.aula.uoc.edu\/legal\/wp-json\/wp\/v2\/pages\/152"}],"collection":[{"href":"http:\/\/social-media-strategy.aula.uoc.edu\/legal\/wp-json\/wp\/v2\/pages"}],"about":[{"href":"http:\/\/social-media-strategy.aula.uoc.edu\/legal\/wp-json\/wp\/v2\/types\/page"}],"author":[{"embeddable":true,"href":"http:\/\/social-media-strategy.aula.uoc.edu\/legal\/wp-json\/wp\/v2\/users\/1"}],"replies":[{"embeddable":true,"href":"http:\/\/social-media-strategy.aula.uoc.edu\/legal\/wp-json\/wp\/v2\/comments?post=152"}],"version-history":[{"count":4,"href":"http:\/\/social-media-strategy.aula.uoc.edu\/legal\/wp-json\/wp\/v2\/pages\/152\/revisions"}],"predecessor-version":[{"id":382,"href":"http:\/\/social-media-strategy.aula.uoc.edu\/legal\/wp-json\/wp\/v2\/pages\/152\/revisions\/382"}],"wp:attachment":[{"href":"http:\/\/social-media-strategy.aula.uoc.edu\/legal\/wp-json\/wp\/v2\/media?parent=152"}],"curies":[{"name":"wp","href":"https:\/\/api.w.org\/{rel}","templated":true}]}}

3.2.3. Les intromissions il·legítimes en els drets a l’honor, a la intimitat i a la pròpia imatge a través dels mitjans socials

<p>La Llei orgànica 1/1982, de 5 de maig, sobre protecció civil del dret a l’honor, a la intimitat personal i familiar i a la imatge, concretament en els articles 7 i 8, els quals determinen quins fets o circumstàncies tindran la consideració d’<strong>intromissions il·legítimes en els drets fonamentals</strong>, com per exemple:</p>
<ul>
<li>La divulgació de fets relatius a la vida privada d’una persona o d’una família que n’afectin la reputació i el bon nom.</li>
<li>La captació, reproducció o publicació per fotografia, film, o qualsevol altre procediment, de la imatge d’una persona en llocs o moments de la seva vida privada o fora d’ells, excepte quan es tracti de persones que exerceixin un càrrec públic o una professió de notorietat o projecció pública, i la imatge es capti durant un acte públic o en llocs oberts al públic.</li>
<li>La utilització del nom, de la veu o de la imatge d’una persona per a finalitats publicitàries, comercials o de naturalesa anàloga.</li>
</ul>
<p>Cal afegir que, segons disposa l’article 8, serà admissible «la informació gràfica sobre un succés o un esdeveniment públic quan la imatge d’una persona determinada aparegui com merament accessòria».</p>
<div class="featured featured-grey"></p>
<p><strong>Estudi de cas</strong></p>
<p>El titular d&#8217;una web dedicada, per exemple, al turisme, tindrà en compte que…</p>
<p>No podrà utilitzar la foto d&#8217;un grup de persones vestides amb vestit regional per a publicitar les festes patronals de la regió, quan els individus resultin identificables, i no hagin prestat el seu consentiment exprés.</p>
<p>Així ho ha manifestat el nostre Tribunal Suprem en nombroses ocasions. Per totes, STS 1120/2008, 19 de novembre de 2008, que porta la seva causa en la difusió de la fotografia de dos menors vestits amb vestit regional a la Fira de Sevilla.</p>
<p>
<div style="clear:both"></div></div>

<p>La Llei orgànica 1/1982, de 5 de maig, sobre protecció civil del dret a l’honor, a la intimitat personal i familiar i a la imatge, concretament en els articles 7 i 8, els quals determinen quins fets o circumstàncies tindran la consideració d’intromissions il·legítimes en els drets fonamentals, com per exemple: La divulgació de fets [&hellip;]</p>
