{"id":147,"date":"2017-11-27T12:55:21","date_gmt":"2017-11-27T12:55:21","guid":{"rendered":"http:\/\/social-media-strategy.aula.uoc.edu\/legal\/3-2-2-concepto-y-contenido\/"},"modified":"2022-11-19T11:27:17","modified_gmt":"2022-11-19T11:27:17","slug":"3-2-2-concepte-i-contingut","status":"publish","type":"page","link":"http:\/\/social-media-strategy.aula.uoc.edu\/legal\/3-2-2-concepte-i-contingut\/","title":{"rendered":"3.2.2. Concepte i contingut"},"content":{"rendered":"<p>La primera q\u00fcesti\u00f3 que es planteja a l&#8217;hora d&#8217;estudiar qualsevol dret no \u00e9s sin\u00f3 la de aclarir en qu\u00e8 consisteix, \u00e9s a dir, quins interessos tutela, quin \u00e9s el seu \u00e0mbit de protecci\u00f3. Per a aix\u00f2, \u00e9s imprescindible que comencem analitzant els seus aspectes definitoris.<\/p>\n<p>1) Dret a l\u2019honor<\/p>\n<p>Segons el Tribunal Constitucional \u00ab[&#8230;] el dret a l\u2019honor prohibeix que ning\u00fa es refereixi a una persona de forma insultant o injuriosa o atemptant injustificadament contra la seva reputaci\u00f3, fent-la desmer\u00e8ixer davant de l\u2019opini\u00f3 aliena\u00bb (per totes, STC 14\/2003, de 28 de gener).<\/p>\n<p>De manera que all\u00f2 que protegeix l\u2019article 18.1 CE \u00e9s la indemnitat de l\u2019apreciaci\u00f3 que d\u2019una persona puguin tenir els altres, i potser no tant la que ella desitjaria tenir.<\/p>\n<p>&nbsp;<\/p>\n<p>2) Dret a la intimitat<\/p>\n<p>El Tribunal Constitucional disposa de forma reiterada en les seves sent\u00e8ncies que \u00ab[,,,] el dret a la intimitat \u00e9s aquell dret, vinculat a la dignitat de la persona que reconeix l\u2019art. 10 de la CE, pel qual s\u2019empara l\u2019exist\u00e8ncia d\u2019un \u00e0mbit propi i reservat enfront de l\u2019acci\u00f3 i del coneixement dels altres, i necessari per a mantenir una qualitat m\u00ednima de la vida humana\u00bb\u00a0(per totes, STC 231\/1988, de 2 de desembre).<\/p>\n<p>Algunes autores, comen\u00e7ant pel fam\u00f3s jutge Brandeis (1928), el defineixen com \u00abel dret a ser deixat en pau\u00bb.<\/p>\n<p>3) Dret a la pr\u00f2pia imatge<\/p>\n<p>Per al Tribunal Constitucional, el dret a la imatge \u00e9s \u00ab[&#8230;] el dret a determinar la informaci\u00f3 gr\u00e0fica generada pels trets f\u00edsics personals del titular que pot tenir difusi\u00f3 p\u00fablica\u00bb. En referir-se a l\u2019\u00e0mbit de protecci\u00f3 d\u2019aquest dret, l\u2019alt tribunal ha incl\u00f2s els atributs m\u00e9s caracter\u00edstics, propis i immediats de l\u2019individu, com s\u00f3n la imatge f\u00edsica, la veu o el nom.<\/p>\n<p>&nbsp;<\/p>\n<div class=\"featured featured-grey\"><\/p>\n<p>El periodista Jos\u00e9 Luis Maz\u00f3n Costa es feia ress\u00f2 d&#8217;aquest concepte en un <a href=\"https:\/\/elpais.com\/diario\/2003\/11\/30\/domingo\/1070167969_850215.html#::text=El%20juez%20norteamericano%20Brandeis%20defini%C3%B3,atresorat%20por%20un%20pueblo%20libre%22.\" target=\"_blank\" rel=\"noopener\">article publicat<\/a> al diari <em>El Pa\u00eds<\/em>.<\/p>\n<p>Al fil d&#8217;aquest article, cal dir que el dret a la intimitat, ent\u00e8s com el \u00abdret a ser deixat en pau\u00bb\u00a0<strong>equival a un dret a la solitud i a la tranquil\u00b7litat. <\/strong><\/p>\n<p>Des d&#8217;aquesta perspectiva, la protecci\u00f3 a la intimitat no queda redu\u00efda a l&#8217;evitaci\u00f3 i proscripci\u00f3 de la divulgaci\u00f3 de la vida privada o la penetraci\u00f3 no autoritzada en l&#8217;\u00e0mbit en qu\u00e8 es desenvolupa la vida privada, sin\u00f3 que proporciona un poder jur\u00eddic sobre la informaci\u00f3 relativa a un mateix o a l&#8217;entorn familiar de manera tal que habilita per a imposar a terceres persones la voluntat de no donar a con\u00e8ixer una informaci\u00f3 o d&#8217;impedir-ne la difusi\u00f3, <strong>si no \u00e9s sota un previ consentiment.<\/strong><\/p>\n<p>\n<div style=\"clear:both\"><\/div><\/div>\n<p>Per al nostre Tribunal Constitucional, el dret a la pr\u00f2pia imatge no \u00e9s sin\u00f3 \u00ab [\u2026] el dret a determinar la informaci\u00f3 gr\u00e0fica generada pels trets f\u00edsics personals del seu titular que pot tenir difusi\u00f3 p\u00fablica\u00bb (per totes, STC 81\/2001, de 26 de mar\u00e7). En referir-se a l&#8217;\u00e0mbit de protecci\u00f3 d&#8217;aquest dret, l&#8217;Alt Tribunal ha incl\u00f2s els atributs m\u00e9s caracter\u00edstics, propis i immediats de l&#8217;individu, com s\u00f3n la imatge f\u00edsica, la veu o el nom.<\/p>\n<div class=\"featured featured-blue\"><\/p>\n<p>Com veiem, la relaci\u00f3 entre els drets de l\u2019article 18.1 CE i els mitjans socials \u00e9s indiscutible, ja que l\u2019objecte principal d\u2019aquests se centra en l\u2019intercanvi d\u2019informaci\u00f3, d\u2019imatges, de v\u00eddeos i d\u2019\u00e0udio, gaireb\u00e9 sempre de car\u00e0cter personal.<\/p>\n<p>\n<div style=\"clear:both\"><\/div><\/div>\n","protected":false},"excerpt":{"rendered":"<p>La primera q\u00fcesti\u00f3 que es planteja a l&#8217;hora d&#8217;estudiar qualsevol dret no \u00e9s sin\u00f3 la de aclarir en qu\u00e8 consisteix, \u00e9s a dir, quins interessos tutela, quin \u00e9s el seu \u00e0mbit de protecci\u00f3. Per a aix\u00f2, \u00e9s imprescindible que comencem analitzant els seus aspectes definitoris. 1) Dret a l\u2019honor Segons el Tribunal Constitucional \u00ab[&#8230;] el [&hellip;]<\/p>\n","protected":false},"author":1,"featured_media":0,"parent":0,"menu_order":0,"comment_status":"closed","ping_status":"closed","template":"","meta":[],"acf":[],"_links":{"self":[{"href":"http:\/\/social-media-strategy.aula.uoc.edu\/legal\/wp-json\/wp\/v2\/pages\/147"}],"collection":[{"href":"http:\/\/social-media-strategy.aula.uoc.edu\/legal\/wp-json\/wp\/v2\/pages"}],"about":[{"href":"http:\/\/social-media-strategy.aula.uoc.edu\/legal\/wp-json\/wp\/v2\/types\/page"}],"author":[{"embeddable":true,"href":"http:\/\/social-media-strategy.aula.uoc.edu\/legal\/wp-json\/wp\/v2\/users\/1"}],"replies":[{"embeddable":true,"href":"http:\/\/social-media-strategy.aula.uoc.edu\/legal\/wp-json\/wp\/v2\/comments?post=147"}],"version-history":[{"count":8,"href":"http:\/\/social-media-strategy.aula.uoc.edu\/legal\/wp-json\/wp\/v2\/pages\/147\/revisions"}],"predecessor-version":[{"id":435,"href":"http:\/\/social-media-strategy.aula.uoc.edu\/legal\/wp-json\/wp\/v2\/pages\/147\/revisions\/435"}],"wp:attachment":[{"href":"http:\/\/social-media-strategy.aula.uoc.edu\/legal\/wp-json\/wp\/v2\/media?parent=147"}],"curies":[{"name":"wp","href":"https:\/\/api.w.org\/{rel}","templated":true}]}}

<p>La primera qüestió que es planteja a l&#8217;hora d&#8217;estudiar qualsevol dret no és sinó la de aclarir en què consisteix, és a dir, quins interessos tutela, quin és el seu àmbit de protecció. Per a això, és imprescindible que comencem analitzant els seus aspectes definitoris.</p>
<p>1) Dret a l’honor</p>
<p>Segons el Tribunal Constitucional «[&#8230;] el dret a l’honor prohibeix que ningú es refereixi a una persona de forma insultant o injuriosa o atemptant injustificadament contra la seva reputació, fent-la desmerèixer davant de l’opinió aliena» (per totes, STC 14/2003, de 28 de gener).</p>
<p>De manera que allò que protegeix l’article 18.1 CE és la indemnitat de l’apreciació que d’una persona puguin tenir els altres, i potser no tant la que ella desitjaria tenir.</p>
<p>&nbsp;</p>
<p>2) Dret a la intimitat</p>
<p>El Tribunal Constitucional disposa de forma reiterada en les seves sentències que «[,,,] el dret a la intimitat és aquell dret, vinculat a la dignitat de la persona que reconeix l’art. 10 de la CE, pel qual s’empara l’existència d’un àmbit propi i reservat enfront de l’acció i del coneixement dels altres, i necessari per a mantenir una qualitat mínima de la vida humana» (per totes, STC 231/1988, de 2 de desembre).</p>
<p>Algunes autores, començant pel famós jutge Brandeis (1928), el defineixen com «el dret a ser deixat en pau».</p>
<p>3) Dret a la pròpia imatge</p>
<p>Per al Tribunal Constitucional, el dret a la imatge és «[&#8230;] el dret a determinar la informació gràfica generada pels trets físics personals del titular que pot tenir difusió pública». En referir-se a l’àmbit de protecció d’aquest dret, l’alt tribunal ha inclòs els atributs més característics, propis i immediats de l’individu, com són la imatge física, la veu o el nom.</p>
<p>&nbsp;</p>
<div class="featured featured-grey"></p>
<p>El periodista José Luis Mazón Costa es feia ressò d&#8217;aquest concepte en un <a href="https://elpais.com/diario/2003/11/30/domingo/1070167969_850215.html#::text=El%20juez%20norteamericano%20Brandeis%20defini%C3%B3,atresorat%20por%20un%20pueblo%20libre%22." target="_blank" rel="noopener">article publicat</a> al diari <em>El País</em>.</p>
<p>Al fil d&#8217;aquest article, cal dir que el dret a la intimitat, entès com el «dret a ser deixat en pau» <strong>equival a un dret a la solitud i a la tranquil·litat. </strong></p>
<p>Des d&#8217;aquesta perspectiva, la protecció a la intimitat no queda reduïda a l&#8217;evitació i proscripció de la divulgació de la vida privada o la penetració no autoritzada en l&#8217;àmbit en què es desenvolupa la vida privada, sinó que proporciona un poder jurídic sobre la informació relativa a un mateix o a l&#8217;entorn familiar de manera tal que habilita per a imposar a terceres persones la voluntat de no donar a conèixer una informació o d&#8217;impedir-ne la difusió, <strong>si no és sota un previ consentiment.</strong></p>
<p>
<div style="clear:both"></div></div>
<p>Per al nostre Tribunal Constitucional, el dret a la pròpia imatge no és sinó « […] el dret a determinar la informació gràfica generada pels trets físics personals del seu titular que pot tenir difusió pública» (per totes, STC 81/2001, de 26 de març). En referir-se a l&#8217;àmbit de protecció d&#8217;aquest dret, l&#8217;Alt Tribunal ha inclòs els atributs més característics, propis i immediats de l&#8217;individu, com són la imatge física, la veu o el nom.</p>
<div class="featured featured-blue"></p>
<p>Com veiem, la relació entre els drets de l’article 18.1 CE i els mitjans socials és indiscutible, ja que l’objecte principal d’aquests se centra en l’intercanvi d’informació, d’imatges, de vídeos i d’àudio, gairebé sempre de caràcter personal.</p>
<p>
<div style="clear:both"></div></div>

<p>La primera qüestió que es planteja a l&#8217;hora d&#8217;estudiar qualsevol dret no és sinó la de aclarir en què consisteix, és a dir, quins interessos tutela, quin és el seu àmbit de protecció. Per a això, és imprescindible que comencem analitzant els seus aspectes definitoris. 1) Dret a l’honor Segons el Tribunal Constitucional «[&#8230;] el [&hellip;]</p>
