{"id":142,"date":"2017-11-27T12:54:20","date_gmt":"2017-11-27T12:54:20","guid":{"rendered":"http:\/\/social-media-strategy.aula.uoc.edu\/legal\/3-2-1-introduccion\/"},"modified":"2021-01-31T17:21:49","modified_gmt":"2021-01-31T17:21:49","slug":"3-2-1-introduccio","status":"publish","type":"page","link":"http:\/\/social-media-strategy.aula.uoc.edu\/legal\/3-2-1-introduccio\/","title":{"rendered":"3.2.1. Introducci\u00f3"},"content":{"rendered":"<p>La primera q\u00fcesti\u00f3 que es planteja quan s\u2019estudia qualsevol dret no \u00e9s una altra que dilucidar en qu\u00e8 consisteix, \u00e9s a dir, quins interessos tutela, quin \u00e9s l\u2019\u00e0mbit de protecci\u00f3. Per a aix\u00f2, \u00e9s imprescindible que comencem analitzant els aspectes definitoris.<\/p>\n","protected":false},"excerpt":{"rendered":"<p>La primera q\u00fcesti\u00f3 que es planteja quan s\u2019estudia qualsevol dret no \u00e9s una altra que dilucidar en qu\u00e8 consisteix, \u00e9s a dir, quins interessos tutela, quin \u00e9s l\u2019\u00e0mbit de protecci\u00f3. Per a aix\u00f2, \u00e9s imprescindible que comencem analitzant els aspectes definitoris.<\/p>\n","protected":false},"author":1,"featured_media":0,"parent":0,"menu_order":0,"comment_status":"closed","ping_status":"closed","template":"","meta":[],"acf":[],"_links":{"self":[{"href":"http:\/\/social-media-strategy.aula.uoc.edu\/legal\/wp-json\/wp\/v2\/pages\/142"}],"collection":[{"href":"http:\/\/social-media-strategy.aula.uoc.edu\/legal\/wp-json\/wp\/v2\/pages"}],"about":[{"href":"http:\/\/social-media-strategy.aula.uoc.edu\/legal\/wp-json\/wp\/v2\/types\/page"}],"author":[{"embeddable":true,"href":"http:\/\/social-media-strategy.aula.uoc.edu\/legal\/wp-json\/wp\/v2\/users\/1"}],"replies":[{"embeddable":true,"href":"http:\/\/social-media-strategy.aula.uoc.edu\/legal\/wp-json\/wp\/v2\/comments?post=142"}],"version-history":[{"count":3,"href":"http:\/\/social-media-strategy.aula.uoc.edu\/legal\/wp-json\/wp\/v2\/pages\/142\/revisions"}],"predecessor-version":[{"id":377,"href":"http:\/\/social-media-strategy.aula.uoc.edu\/legal\/wp-json\/wp\/v2\/pages\/142\/revisions\/377"}],"wp:attachment":[{"href":"http:\/\/social-media-strategy.aula.uoc.edu\/legal\/wp-json\/wp\/v2\/media?parent=142"}],"curies":[{"name":"wp","href":"https:\/\/api.w.org\/{rel}","templated":true}]}}

3.2.1. Introducció

<p>La primera qüestió que es planteja quan s’estudia qualsevol dret no és una altra que dilucidar en què consisteix, és a dir, quins interessos tutela, quin és l’àmbit de protecció. Per a això, és imprescindible que comencem analitzant els aspectes definitoris.</p>
