{"id":137,"date":"2017-11-27T12:46:00","date_gmt":"2017-11-27T12:46:00","guid":{"rendered":"http:\/\/social-media-strategy.aula.uoc.edu\/legal\/3-1-introduccion\/"},"modified":"2022-11-19T11:21:39","modified_gmt":"2022-11-19T11:21:39","slug":"3-1-introduccio","status":"publish","type":"page","link":"http:\/\/social-media-strategy.aula.uoc.edu\/legal\/3-1-introduccio\/","title":{"rendered":"3.1. Introducci\u00f3"},"content":{"rendered":"<p>Com ja s&#8217;ha dit, xarxes socials, videoblogs, comunitats de continguts, etc., faciliten (i fins i tot propicien) la vulneraci\u00f3 dels drets fonamentals. L&#8217;honor, la intimitat i la pr\u00f2pia imatge, i tamb\u00e9 els drets d&#8217;autora i els drets de protecci\u00f3 de dades, estan exposats constantment en aquestes plataformes globals i immediates.<\/p>\n<p>Seguidament analitzarem la normativa aplicable, i tamb\u00e9 prendrem com a refer\u00e8ncia les pol\u00edtiques i condicions d&#8217;alguns mitjans socials.<\/p>\n<p>Proveir-nos d&#8217;una bona base jur\u00eddica ens ajudar\u00e0 a manejar els <em>social<\/em> <em>media <\/em>d&#8217;una manera segura i respectuosa amb els nostres drets, amb els de les altres usu\u00e0ries i amb els de terceres persones alienes a aquests serveis que tamb\u00e9 poden veure&#8217;s perjudicades.<\/p>\n","protected":false},"excerpt":{"rendered":"<p>Com ja s&#8217;ha dit, xarxes socials, videoblogs, comunitats de continguts, etc., faciliten (i fins i tot propicien) la vulneraci\u00f3 dels drets fonamentals. L&#8217;honor, la intimitat i la pr\u00f2pia imatge, i tamb\u00e9 els drets d&#8217;autora i els drets de protecci\u00f3 de dades, estan exposats constantment en aquestes plataformes globals i immediates. Seguidament analitzarem la normativa aplicable, [&hellip;]<\/p>\n","protected":false},"author":1,"featured_media":0,"parent":0,"menu_order":0,"comment_status":"closed","ping_status":"closed","template":"","meta":[],"acf":[],"_links":{"self":[{"href":"http:\/\/social-media-strategy.aula.uoc.edu\/legal\/wp-json\/wp\/v2\/pages\/137"}],"collection":[{"href":"http:\/\/social-media-strategy.aula.uoc.edu\/legal\/wp-json\/wp\/v2\/pages"}],"about":[{"href":"http:\/\/social-media-strategy.aula.uoc.edu\/legal\/wp-json\/wp\/v2\/types\/page"}],"author":[{"embeddable":true,"href":"http:\/\/social-media-strategy.aula.uoc.edu\/legal\/wp-json\/wp\/v2\/users\/1"}],"replies":[{"embeddable":true,"href":"http:\/\/social-media-strategy.aula.uoc.edu\/legal\/wp-json\/wp\/v2\/comments?post=137"}],"version-history":[{"count":5,"href":"http:\/\/social-media-strategy.aula.uoc.edu\/legal\/wp-json\/wp\/v2\/pages\/137\/revisions"}],"predecessor-version":[{"id":433,"href":"http:\/\/social-media-strategy.aula.uoc.edu\/legal\/wp-json\/wp\/v2\/pages\/137\/revisions\/433"}],"wp:attachment":[{"href":"http:\/\/social-media-strategy.aula.uoc.edu\/legal\/wp-json\/wp\/v2\/media?parent=137"}],"curies":[{"name":"wp","href":"https:\/\/api.w.org\/{rel}","templated":true}]}}

3.1. Introducció

<p>Com ja s&#8217;ha dit, xarxes socials, videoblogs, comunitats de continguts, etc., faciliten (i fins i tot propicien) la vulneració dels drets fonamentals. L&#8217;honor, la intimitat i la pròpia imatge, i també els drets d&#8217;autora i els drets de protecció de dades, estan exposats constantment en aquestes plataformes globals i immediates.</p>
<p>Seguidament analitzarem la normativa aplicable, i també prendrem com a referència les polítiques i condicions d&#8217;alguns mitjans socials.</p>
<p>Proveir-nos d&#8217;una bona base jurídica ens ajudarà a manejar els <em>social</em> <em>media </em>d&#8217;una manera segura i respectuosa amb els nostres drets, amb els de les altres usuàries i amb els de terceres persones alienes a aquests serveis que també poden veure&#8217;s perjudicades.</p>

<p>Com ja s&#8217;ha dit, xarxes socials, videoblogs, comunitats de continguts, etc., faciliten (i fins i tot propicien) la vulneració dels drets fonamentals. L&#8217;honor, la intimitat i la pròpia imatge, i també els drets d&#8217;autora i els drets de protecció de dades, estan exposats constantment en aquestes plataformes globals i immediates. Seguidament analitzarem la normativa aplicable, [&hellip;]</p>
