{"id":69,"date":"2017-11-27T13:23:27","date_gmt":"2017-11-27T13:23:27","guid":{"rendered":"http:\/\/social-media-strategy.aula.uoc.edu\/legal\/?page_id=69"},"modified":"2022-11-19T11:44:19","modified_gmt":"2022-11-19T11:44:19","slug":"3-3-2-la-exencion-domestica","status":"publish","type":"page","link":"http:\/\/social-media-strategy.aula.uoc.edu\/legal\/es\/3-3-2-la-exencion-domestica\/","title":{"rendered":"3.3.2. La \u00abexenci\u00f3n dom\u00e9stica\u00bb"},"content":{"rendered":"<p>Con car\u00e1cter general, la actividad de las usuarias de Medios Sociales se desarrolla en un \u00e1mbito estrictamente dom\u00e9stico o privado. En estos casos, no resulta aplicable la normativa sobre protecci\u00f3n de datos (as\u00ed se establece en los arts. 2.2.a) de la <em>LOPD <\/em>(2018), y en el art. 2.2 c) del <em>Reglamento Europeo de Protecci\u00f3n de Datos).<\/em><\/p>\n<p>Ahora bien, la referida \u00abexenci\u00f3n dom\u00e9stica\u00bb no ampara a las usuarias en todo caso. El Grupo de Trabajo del Art\u00edculo 29 (<em>Dictamen 5\/2009)<\/em> delimit\u00f3 <strong>tres supuestos concretos<\/strong> en los cuales la actividad de las usuarias no se encuentra cubierta por dicha excepci\u00f3n, a saber:<\/p>\n<p>1) Cuando los medios sociales se utilicen como plataforma de colaboraci\u00f3n para una asociaci\u00f3n o una empresa. Es decir, si una usuaria de redes, blogs, <em>wikis<\/em>, etc. act\u00faa en nombre de una sociedad o asociaci\u00f3n, o utiliza la red principalmente como una plataforma para conseguir objetivos comerciales, pol\u00edticos o ben\u00e9ficos, la exenci\u00f3n no se aplica, debiendo cumplirse todas las obligaciones en materia de protecci\u00f3n de datos, partiendo de la consideraci\u00f3n de que se requiere el consentimiento del interesado.<\/p>\n<div class=\"featured featured-grey\"><\/p>\n<p>Pensemos, por ejemplo, en la persona que utiliza su perfil de Instagram para publicitar los productos de una empresa, como hacen los representantes de Avon, Herbalife, etc.<\/p>\n<p>\n<div style=\"clear:both\"><\/div><\/div>\n<p>2) Cuando se publiquen datos especialmente protegidos: como el origen racial o \u00e9tnico, las opiniones pol\u00edticas, las creencias religiosas o filos\u00f3ficas, la pertenencia a un sindicato, o datos relativos a la salud o a la vida sexual. En estos supuestos es imprescindible obtener el consentimiento expreso del interesado, a no ser que este haya realizado acciones para que los datos sean manifiestamente p\u00fablicos.<\/p>\n<p>3) Si el perfil de una usuaria en una red social (o de cualquier otro medio) se ampl\u00eda a todos los miembros de la red social, el acceso se sale de la esfera personal o dom\u00e9stica, y por tanto ser\u00edan de aplicaci\u00f3n las previsiones de la normativa de protecci\u00f3n de datos. No obstante, en estos supuestos el Grupo de Trabajo reconoce que la usuaria de una red social puede beneficiarse de otras exenciones como, por ejemplo, la exenci\u00f3n con fines period\u00edsticos o de expresi\u00f3n literaria o art\u00edstica. En dichos casos, seg\u00fan apuntan, se ha de llegar a un equilibrio entre la libertad de expresi\u00f3n y el derecho a la privacidad.<\/p>\n<div class=\"featured featured-blue\"><\/p>\n<p>El Grupo de Trabajo del art. 29 (GT 29), creado por la Directiva 95\/46\/CE, es un \u00f3rgano consultivo independiente integrado por las Autoridades de Protecci\u00f3n de Datos de todos los Estados miembro, el supervisor europeo de Protecci\u00f3n de Datos y la Comisi\u00f3n Europea.<\/p>\n<p>Hasta la entrada en vigor del Reglamento Europeo, el GT 29 se hab\u00eda ocupado de cuestiones relacionadas con la protecci\u00f3n de la privacidad y los datos personales.<\/p>\n<p>\n<div style=\"clear:both\"><\/div><\/div>\n","protected":false},"excerpt":{"rendered":"<p>Con car\u00e1cter general, la actividad de las usuarias de Medios Sociales se desarrolla en un \u00e1mbito estrictamente dom\u00e9stico o privado. En estos casos, no resulta aplicable la normativa sobre protecci\u00f3n de datos (as\u00ed se establece en los arts. 2.2.a) de la LOPD (2018), y en el art. 2.2 c) del Reglamento Europeo de Protecci\u00f3n de [&hellip;]<\/p>\n","protected":false},"author":1,"featured_media":0,"parent":0,"menu_order":0,"comment_status":"closed","ping_status":"closed","template":"","meta":[],"acf":[],"_links":{"self":[{"href":"http:\/\/social-media-strategy.aula.uoc.edu\/legal\/es\/wp-json\/wp\/v2\/pages\/69"}],"collection":[{"href":"http:\/\/social-media-strategy.aula.uoc.edu\/legal\/es\/wp-json\/wp\/v2\/pages"}],"about":[{"href":"http:\/\/social-media-strategy.aula.uoc.edu\/legal\/es\/wp-json\/wp\/v2\/types\/page"}],"author":[{"embeddable":true,"href":"http:\/\/social-media-strategy.aula.uoc.edu\/legal\/es\/wp-json\/wp\/v2\/users\/1"}],"replies":[{"embeddable":true,"href":"http:\/\/social-media-strategy.aula.uoc.edu\/legal\/es\/wp-json\/wp\/v2\/comments?post=69"}],"version-history":[{"count":8,"href":"http:\/\/social-media-strategy.aula.uoc.edu\/legal\/es\/wp-json\/wp\/v2\/pages\/69\/revisions"}],"predecessor-version":[{"id":443,"href":"http:\/\/social-media-strategy.aula.uoc.edu\/legal\/es\/wp-json\/wp\/v2\/pages\/69\/revisions\/443"}],"wp:attachment":[{"href":"http:\/\/social-media-strategy.aula.uoc.edu\/legal\/es\/wp-json\/wp\/v2\/media?parent=69"}],"curies":[{"name":"wp","href":"https:\/\/api.w.org\/{rel}","templated":true}]}}

3.3.2. La «exención doméstica»

<p>Con carácter general, la actividad de las usuarias de Medios Sociales se desarrolla en un ámbito estrictamente doméstico o privado. En estos casos, no resulta aplicable la normativa sobre protección de datos (así se establece en los arts. 2.2.a) de la <em>LOPD </em>(2018), y en el art. 2.2 c) del <em>Reglamento Europeo de Protección de Datos).</em></p>
<p>Ahora bien, la referida «exención doméstica» no ampara a las usuarias en todo caso. El Grupo de Trabajo del Artículo 29 (<em>Dictamen 5/2009)</em> delimitó <strong>tres supuestos concretos</strong> en los cuales la actividad de las usuarias no se encuentra cubierta por dicha excepción, a saber:</p>
<p>1) Cuando los medios sociales se utilicen como plataforma de colaboración para una asociación o una empresa. Es decir, si una usuaria de redes, blogs, <em>wikis</em>, etc. actúa en nombre de una sociedad o asociación, o utiliza la red principalmente como una plataforma para conseguir objetivos comerciales, políticos o benéficos, la exención no se aplica, debiendo cumplirse todas las obligaciones en materia de protección de datos, partiendo de la consideración de que se requiere el consentimiento del interesado.</p>
<div class="featured featured-grey"></p>
<p>Pensemos, por ejemplo, en la persona que utiliza su perfil de Instagram para publicitar los productos de una empresa, como hacen los representantes de Avon, Herbalife, etc.</p>
<p>
<div style="clear:both"></div></div>
<p>2) Cuando se publiquen datos especialmente protegidos: como el origen racial o étnico, las opiniones políticas, las creencias religiosas o filosóficas, la pertenencia a un sindicato, o datos relativos a la salud o a la vida sexual. En estos supuestos es imprescindible obtener el consentimiento expreso del interesado, a no ser que este haya realizado acciones para que los datos sean manifiestamente públicos.</p>
<p>3) Si el perfil de una usuaria en una red social (o de cualquier otro medio) se amplía a todos los miembros de la red social, el acceso se sale de la esfera personal o doméstica, y por tanto serían de aplicación las previsiones de la normativa de protección de datos. No obstante, en estos supuestos el Grupo de Trabajo reconoce que la usuaria de una red social puede beneficiarse de otras exenciones como, por ejemplo, la exención con fines periodísticos o de expresión literaria o artística. En dichos casos, según apuntan, se ha de llegar a un equilibrio entre la libertad de expresión y el derecho a la privacidad.</p>
<div class="featured featured-blue"></p>
<p>El Grupo de Trabajo del art. 29 (GT 29), creado por la Directiva 95/46/CE, es un órgano consultivo independiente integrado por las Autoridades de Protección de Datos de todos los Estados miembro, el supervisor europeo de Protección de Datos y la Comisión Europea.</p>
<p>Hasta la entrada en vigor del Reglamento Europeo, el GT 29 se había ocupado de cuestiones relacionadas con la protección de la privacidad y los datos personales.</p>
<p>
<div style="clear:both"></div></div>

<p>Con carácter general, la actividad de las usuarias de Medios Sociales se desarrolla en un ámbito estrictamente doméstico o privado. En estos casos, no resulta aplicable la normativa sobre protección de datos (así se establece en los arts. 2.2.a) de la LOPD (2018), y en el art. 2.2 c) del Reglamento Europeo de Protección de [&hellip;]</p>
