{"id":60,"date":"2017-11-27T13:06:59","date_gmt":"2017-11-27T13:06:59","guid":{"rendered":"http:\/\/social-media-strategy.aula.uoc.edu\/legal\/?page_id=60"},"modified":"2021-01-28T19:22:21","modified_gmt":"2021-01-28T19:22:21","slug":"3-2-4-legislacion-aplicable","status":"publish","type":"page","link":"http:\/\/social-media-strategy.aula.uoc.edu\/legal\/es\/3-2-4-legislacion-aplicable\/","title":{"rendered":"3.2.4. Legislaci\u00f3n aplicable"},"content":{"rendered":"<p>A pesar de las peculiaridades propias de la <em>web 3.0<\/em>, <strong>los mecanismos de tutela de los derechos al honor, a la intimidad y a la propia imagen, establecidos con car\u00e1cter general en nuestro Ordenamiento, son aplicables en supuestos de vulneraci\u00f3n a trav\u00e9s de los medios virtuales.<\/strong><\/p>\n<p>No encontramos una ley que regule de forma exclusiva estos derechos de la personalidad, sino que el tratamiento de la cuesti\u00f3n se encuentra recogido en las diversas <strong>normas nacionales<\/strong> (Constituci\u00f3n espa\u00f1ola, LO 1\/1982, Ley org\u00e1nica 2\/1984, de 26 de marzo, reguladora del derecho de rectificaci\u00f3n y C\u00f3digo penal), <strong>e internacionales<\/strong>, es decir:<\/p>\n<p>1) la Declaraci\u00f3n de Derechos Humanos, de 10 de diciembre de 1948;<\/p>\n<p>2) el Pacto Internacional de Derechos Civiles y Pol\u00edticos, de 19 de diciembre de 1966;<\/p>\n<p>3) la Convenci\u00f3n de Derechos del Ni\u00f1o, de 20 de noviembre de 1989;<\/p>\n<p>4) el Convenio de Roma, de 1950 (CEDH);<\/p>\n<p>5) el Convenio n\u00fam. 108 del Consejo de Europa para la protecci\u00f3n de las personas con respecto el tratamiento automatizado de datos de car\u00e1cter personal;<\/p>\n<p>6) la Carta de los Derechos Fundamentales de la Uni\u00f3n Europea, de 30 de marzo de 2010;<\/p>\n<p>7) la Carta Europea de Derechos del Ni\u00f1o, etc.<\/p>\n","protected":false},"excerpt":{"rendered":"<p>A pesar de las peculiaridades propias de la web 3.0, los mecanismos de tutela de los derechos al honor, a la intimidad y a la propia imagen, establecidos con car\u00e1cter general en nuestro Ordenamiento, son aplicables en supuestos de vulneraci\u00f3n a trav\u00e9s de los medios virtuales. No encontramos una ley que regule de forma exclusiva [&hellip;]<\/p>\n","protected":false},"author":1,"featured_media":0,"parent":0,"menu_order":0,"comment_status":"closed","ping_status":"closed","template":"","meta":[],"acf":[],"_links":{"self":[{"href":"http:\/\/social-media-strategy.aula.uoc.edu\/legal\/es\/wp-json\/wp\/v2\/pages\/60"}],"collection":[{"href":"http:\/\/social-media-strategy.aula.uoc.edu\/legal\/es\/wp-json\/wp\/v2\/pages"}],"about":[{"href":"http:\/\/social-media-strategy.aula.uoc.edu\/legal\/es\/wp-json\/wp\/v2\/types\/page"}],"author":[{"embeddable":true,"href":"http:\/\/social-media-strategy.aula.uoc.edu\/legal\/es\/wp-json\/wp\/v2\/users\/1"}],"replies":[{"embeddable":true,"href":"http:\/\/social-media-strategy.aula.uoc.edu\/legal\/es\/wp-json\/wp\/v2\/comments?post=60"}],"version-history":[{"count":5,"href":"http:\/\/social-media-strategy.aula.uoc.edu\/legal\/es\/wp-json\/wp\/v2\/pages\/60\/revisions"}],"predecessor-version":[{"id":338,"href":"http:\/\/social-media-strategy.aula.uoc.edu\/legal\/es\/wp-json\/wp\/v2\/pages\/60\/revisions\/338"}],"wp:attachment":[{"href":"http:\/\/social-media-strategy.aula.uoc.edu\/legal\/es\/wp-json\/wp\/v2\/media?parent=60"}],"curies":[{"name":"wp","href":"https:\/\/api.w.org\/{rel}","templated":true}]}}

3.2.4. Legislación aplicable

<p>A pesar de las peculiaridades propias de la <em>web 3.0</em>, <strong>los mecanismos de tutela de los derechos al honor, a la intimidad y a la propia imagen, establecidos con carácter general en nuestro Ordenamiento, son aplicables en supuestos de vulneración a través de los medios virtuales.</strong></p>
<p>No encontramos una ley que regule de forma exclusiva estos derechos de la personalidad, sino que el tratamiento de la cuestión se encuentra recogido en las diversas <strong>normas nacionales</strong> (Constitución española, LO 1/1982, Ley orgánica 2/1984, de 26 de marzo, reguladora del derecho de rectificación y Código penal), <strong>e internacionales</strong>, es decir:</p>
<p>1) la Declaración de Derechos Humanos, de 10 de diciembre de 1948;</p>
<p>2) el Pacto Internacional de Derechos Civiles y Políticos, de 19 de diciembre de 1966;</p>
<p>3) la Convención de Derechos del Niño, de 20 de noviembre de 1989;</p>
<p>4) el Convenio de Roma, de 1950 (CEDH);</p>
<p>5) el Convenio núm. 108 del Consejo de Europa para la protección de las personas con respecto el tratamiento automatizado de datos de carácter personal;</p>
<p>6) la Carta de los Derechos Fundamentales de la Unión Europea, de 30 de marzo de 2010;</p>
<p>7) la Carta Europea de Derechos del Niño, etc.</p>

<p>A pesar de las peculiaridades propias de la web 3.0, los mecanismos de tutela de los derechos al honor, a la intimidad y a la propia imagen, establecidos con carácter general en nuestro Ordenamiento, son aplicables en supuestos de vulneración a través de los medios virtuales. No encontramos una ley que regule de forma exclusiva [&hellip;]</p>
