{"id":57,"date":"2017-11-27T13:00:52","date_gmt":"2017-11-27T13:00:52","guid":{"rendered":"http:\/\/social-media-strategy.aula.uoc.edu\/legal\/?page_id=57"},"modified":"2021-01-31T17:43:06","modified_gmt":"2021-01-31T17:43:06","slug":"3-2-3-las-intromisiones-ilegitimas-en-los-derechos-al-honor-intimidad-y-propia-imagen-a-traves-de-los-medios-sociales","status":"publish","type":"page","link":"http:\/\/social-media-strategy.aula.uoc.edu\/legal\/es\/3-2-3-las-intromisiones-ilegitimas-en-los-derechos-al-honor-intimidad-y-propia-imagen-a-traves-de-los-medios-sociales\/","title":{"rendered":"3.2.3. Las intromisiones ileg\u00edtimas en los derechos al honor, intimidad y propia imagen a trav\u00e9s de los medios sociales"},"content":{"rendered":"<p>La Ley Org\u00e1nica 1\/1982, de 5 de mayo, sobre protecci\u00f3n civil del derecho al honor, a la intimidad personal y familiar y a la propia imagen, concretamente en sus art\u00edculos 7 y 8, los hechos o circunstancias tendr\u00e1n la consideraci\u00f3n de <strong>intromisiones ileg\u00edtimas en los derechos fundamentales<\/strong>, como por ejemplo:<\/p>\n<ul>\n<li>La divulgaci\u00f3n de hechos relativos a la vida privada de una persona o familia que afecten a su reputaci\u00f3n y buen nombre.<\/li>\n<li>La captaci\u00f3n, reproducci\u00f3n o publicaci\u00f3n por fotograf\u00eda, filme, o cualquier otro procedimiento, de la imagen de una persona en lugares o momentos de su vida privada o fuera de ellos, salvo cuando se trate de personas que ejerzan un cargo p\u00fablico o una profesi\u00f3n de notoriedad o proyecci\u00f3n p\u00fablica y la imagen se capte durante un acto p\u00fablico o en lugares abiertos al p\u00fablico.<\/li>\n<li>La utilizaci\u00f3n del nombre, de la voz o de la imagen de una persona para fines publicitarios, comerciales o de naturaleza an\u00e1loga.<\/li>\n<\/ul>\n<p>Cabe a\u00f1adir que, seg\u00fan dispone el art\u00edculo 8, ser\u00e1 admisible \u00abla informaci\u00f3n gr\u00e1fica sobre un suceso o acaecimiento p\u00fablico cuando la imagen de una persona determinada aparezca como meramente accesoria\u00bb.<\/p>\n<div class=\"featured featured-grey\"><\/p>\n<p><strong>Estudio de caso<\/strong><\/p>\n<p>El titular de una web, dedicada, por ejemplo, al turismo, tendr\u00e1 en cuenta lo siguiente:<\/p>\n<p>No podr\u00e1 utilizar la foto de un grupo de personas vestidas con traje regional para publicitar las fiestas patronales de la regi\u00f3n cuando los individuos resulten identificables y no hayan prestado su consentimiento expreso.<\/p>\n<p>As\u00ed lo ha manifestado nuestro Tribunal Supremo en numerosas ocasiones. Por todas, STS 1120\/2008, 19 de noviembre de 2008, que trae su causa en la difusi\u00f3n de la fotograf\u00eda de dos menores vestidos con traje regional en la Feria de Sevilla.<\/p>\n<p>\n<div style=\"clear:both\"><\/div><\/div>\n","protected":false},"excerpt":{"rendered":"<p>La Ley Org\u00e1nica 1\/1982, de 5 de mayo, sobre protecci\u00f3n civil del derecho al honor, a la intimidad personal y familiar y a la propia imagen, concretamente en sus art\u00edculos 7 y 8, los hechos o circunstancias tendr\u00e1n la consideraci\u00f3n de intromisiones ileg\u00edtimas en los derechos fundamentales, como por ejemplo: La divulgaci\u00f3n de hechos relativos [&hellip;]<\/p>\n","protected":false},"author":1,"featured_media":0,"parent":0,"menu_order":0,"comment_status":"closed","ping_status":"closed","template":"","meta":[],"acf":[],"_links":{"self":[{"href":"http:\/\/social-media-strategy.aula.uoc.edu\/legal\/es\/wp-json\/wp\/v2\/pages\/57"}],"collection":[{"href":"http:\/\/social-media-strategy.aula.uoc.edu\/legal\/es\/wp-json\/wp\/v2\/pages"}],"about":[{"href":"http:\/\/social-media-strategy.aula.uoc.edu\/legal\/es\/wp-json\/wp\/v2\/types\/page"}],"author":[{"embeddable":true,"href":"http:\/\/social-media-strategy.aula.uoc.edu\/legal\/es\/wp-json\/wp\/v2\/users\/1"}],"replies":[{"embeddable":true,"href":"http:\/\/social-media-strategy.aula.uoc.edu\/legal\/es\/wp-json\/wp\/v2\/comments?post=57"}],"version-history":[{"count":6,"href":"http:\/\/social-media-strategy.aula.uoc.edu\/legal\/es\/wp-json\/wp\/v2\/pages\/57\/revisions"}],"predecessor-version":[{"id":381,"href":"http:\/\/social-media-strategy.aula.uoc.edu\/legal\/es\/wp-json\/wp\/v2\/pages\/57\/revisions\/381"}],"wp:attachment":[{"href":"http:\/\/social-media-strategy.aula.uoc.edu\/legal\/es\/wp-json\/wp\/v2\/media?parent=57"}],"curies":[{"name":"wp","href":"https:\/\/api.w.org\/{rel}","templated":true}]}}

3.2.3. Las intromisiones ilegítimas en los derechos al honor, intimidad y propia imagen a través de los medios sociales

<p>La Ley Orgánica 1/1982, de 5 de mayo, sobre protección civil del derecho al honor, a la intimidad personal y familiar y a la propia imagen, concretamente en sus artículos 7 y 8, los hechos o circunstancias tendrán la consideración de <strong>intromisiones ilegítimas en los derechos fundamentales</strong>, como por ejemplo:</p>
<ul>
<li>La divulgación de hechos relativos a la vida privada de una persona o familia que afecten a su reputación y buen nombre.</li>
<li>La captación, reproducción o publicación por fotografía, filme, o cualquier otro procedimiento, de la imagen de una persona en lugares o momentos de su vida privada o fuera de ellos, salvo cuando se trate de personas que ejerzan un cargo público o una profesión de notoriedad o proyección pública y la imagen se capte durante un acto público o en lugares abiertos al público.</li>
<li>La utilización del nombre, de la voz o de la imagen de una persona para fines publicitarios, comerciales o de naturaleza análoga.</li>
</ul>
<p>Cabe añadir que, según dispone el artículo 8, será admisible «la información gráfica sobre un suceso o acaecimiento público cuando la imagen de una persona determinada aparezca como meramente accesoria».</p>
<div class="featured featured-grey"></p>
<p><strong>Estudio de caso</strong></p>
<p>El titular de una web, dedicada, por ejemplo, al turismo, tendrá en cuenta lo siguiente:</p>
<p>No podrá utilizar la foto de un grupo de personas vestidas con traje regional para publicitar las fiestas patronales de la región cuando los individuos resulten identificables y no hayan prestado su consentimiento expreso.</p>
<p>Así lo ha manifestado nuestro Tribunal Supremo en numerosas ocasiones. Por todas, STS 1120/2008, 19 de noviembre de 2008, que trae su causa en la difusión de la fotografía de dos menores vestidos con traje regional en la Feria de Sevilla.</p>
<p>
<div style="clear:both"></div></div>

<p>La Ley Orgánica 1/1982, de 5 de mayo, sobre protección civil del derecho al honor, a la intimidad personal y familiar y a la propia imagen, concretamente en sus artículos 7 y 8, los hechos o circunstancias tendrán la consideración de intromisiones ilegítimas en los derechos fundamentales, como por ejemplo: La divulgación de hechos relativos [&hellip;]</p>
