{"id":51,"date":"2017-11-27T12:55:21","date_gmt":"2017-11-27T12:55:21","guid":{"rendered":"http:\/\/social-media-strategy.aula.uoc.edu\/legal\/?page_id=51"},"modified":"2022-11-19T11:29:16","modified_gmt":"2022-11-19T11:29:16","slug":"3-2-2-concepto-y-contenido","status":"publish","type":"page","link":"http:\/\/social-media-strategy.aula.uoc.edu\/legal\/es\/3-2-2-concepto-y-contenido\/","title":{"rendered":"3.2.2. Concepto y contenido"},"content":{"rendered":"<p>La primera cuesti\u00f3n que se plantea al estudiar cualquier derecho no es sino la de dilucidar en qu\u00e9 consiste, es decir, qu\u00e9 intereses tutela, cu\u00e1l es su \u00e1mbito de protecci\u00f3n. Para ello, es imprescindible que comencemos analizando sus aspectos definitorios.<\/p>\n<p>1) Derecho al honor<\/p>\n<p>Seg\u00fan nuestro Tribunal Constitucional \u201c\u2026el derecho al honor proh\u00edbe que nadie se refiera a una persona de forma insultante o injuriosa o atentando injustificadamente contra su reputaci\u00f3n, haci\u00e9ndola desmerecer ante la opini\u00f3n ajena\u201d (por todas, <span style=\"font-weight: normal !msorm\">STC 14\/2003, de 28 de enero<\/span>).<\/p>\n<p>De modo que lo protegido por el art. 18.1 CE es la indemnidad de la apreciaci\u00f3n que de una persona puedan tener los dem\u00e1s, y quiz\u00e1 no tanto la que aqu\u00e9lla desear\u00eda tener.<\/p>\n<p>2) Derecho a la intimidad<\/p>\n<p>El Tribunal Constitucional dispone de forma reiterada en sus sentencias que el derecho a la intimidad \u201c\u2026es aquel derecho,\u00a0 vinculado a la dignidad de la persona que reconoce el art. 10 de la CE, por el que se ampara la existencia de un \u00e1mbito propio y reservado frente a la acci\u00f3n y conocimiento de los dem\u00e1s, necesario para mantener una calidad m\u00ednima de la vida humana\u201d (por todas, STC 231\/1988, de 2 de diciembre).<\/p>\n<p>Algunas autoras (empezando por el conocido juez Brandeis, 1928) lo definen como \u201cel derecho a ser dejado en paz\u201d.<\/p>\n<p>3) Derecho a la propia imagen<\/p>\n<p>Para nuestro Tribunal Constitucional, el derecho a la propia imagen no es sino \u201c\u2026el derecho a determinar la informaci\u00f3n gr\u00e1fica generada por los rasgos f\u00edsicos personales de su titular que puede tener difusi\u00f3n p\u00fablica\u201d\u00a0 (por todas, STC 81\/2001, de 26 de marzo). Al referirse al \u00e1mbito de protecci\u00f3n de este derecho, el Alto Tribunal ha incluido los atributos m\u00e1s caracter\u00edsticos, propios e inmediatos del individuo, como son la imagen f\u00edsica, la voz o el nombre.<\/p>\n<div class=\"featured featured-grey\"><\/p>\n<p>El periodista Jos\u00e9 Luis Maz\u00f3n Costa se hac\u00eda eco de este concepto en un <a href=\"https:\/\/elpais.com\/diario\/2003\/11\/30\/domingo\/1070167969_850215.html#:~:text=El%20juez%20norteamericano%20Brandeis%20defini%C3%B3,atesorado%20por%20un%20pueblo%20libre%22.\" target=\"_blank\" rel=\"noopener\">art\u00edculo publicado<\/a> por el peri\u00f3dico El Pa\u00eds.<\/p>\n<p>Al hilo de este art\u00edculo, cabe decir que el derecho a la intimidad, entendido como el \u00abderecho a ser dejado en paz\u00bb\u00a0<strong>equivale a un derecho a la soledad y a la tranquilidad<\/strong>.<\/p>\n<p>Desde esta perspectiva, la protecci\u00f3n a la intimidad no queda reducida a la evitaci\u00f3n y proscripci\u00f3n de la divulgaci\u00f3n de la vida privada o la penetraci\u00f3n no autorizada en el \u00e1mbito en que se desarrolla la vida privada, sino que proporciona un poder jur\u00eddico sobre la informaci\u00f3n relativa a uno mismo o al entorno familiar de forma tal que habilita para imponer a terceras personas la voluntad de no dar a conocer una informaci\u00f3n o de impedir su difusi\u00f3n, <strong>si no es bajo un previo consentimiento<\/strong>.<\/p>\n<p>\n<div style=\"clear:both\"><\/div><\/div>\n<p>Para nuestro Tribunal Constitucional, el derecho a la propia imagen no es sino \u00ab[\u2026] el derecho a determinar la informaci\u00f3n gr\u00e1fica generada por los rasgos f\u00edsicos personales de su titular que puede tener difusi\u00f3n p\u00fablica\u00bb (por todas, STC 81\/2001, de 26 de marzo). Al referirse al \u00e1mbito de protecci\u00f3n de este derecho, el Alto Tribunal ha incluido los atributos m\u00e1s caracter\u00edsticos, propios e inmediatos del individuo, como son la imagen f\u00edsica, la voz o el nombre.<\/p>\n<div class=\"featured featured-blue\"><\/p>\n<p>Como vemos, las relaci\u00f3n entre los derechos del art. 18.1 CE y los medios sociales es indiscutible, dado que objeto principal de estos se centra en el intercambio de informaci\u00f3n, im\u00e1genes, v\u00eddeos y audio, casi siempre de car\u00e1cter personal.<\/p>\n<p>\n<div style=\"clear:both\"><\/div><\/div>\n","protected":false},"excerpt":{"rendered":"<p>La primera cuesti\u00f3n que se plantea al estudiar cualquier derecho no es sino la de dilucidar en qu\u00e9 consiste, es decir, qu\u00e9 intereses tutela, cu\u00e1l es su \u00e1mbito de protecci\u00f3n. Para ello, es imprescindible que comencemos analizando sus aspectos definitorios. 1) Derecho al honor Seg\u00fan nuestro Tribunal Constitucional \u201c\u2026el derecho al honor proh\u00edbe que nadie [&hellip;]<\/p>\n","protected":false},"author":1,"featured_media":0,"parent":0,"menu_order":0,"comment_status":"closed","ping_status":"closed","template":"","meta":[],"acf":[],"_links":{"self":[{"href":"http:\/\/social-media-strategy.aula.uoc.edu\/legal\/es\/wp-json\/wp\/v2\/pages\/51"}],"collection":[{"href":"http:\/\/social-media-strategy.aula.uoc.edu\/legal\/es\/wp-json\/wp\/v2\/pages"}],"about":[{"href":"http:\/\/social-media-strategy.aula.uoc.edu\/legal\/es\/wp-json\/wp\/v2\/types\/page"}],"author":[{"embeddable":true,"href":"http:\/\/social-media-strategy.aula.uoc.edu\/legal\/es\/wp-json\/wp\/v2\/users\/1"}],"replies":[{"embeddable":true,"href":"http:\/\/social-media-strategy.aula.uoc.edu\/legal\/es\/wp-json\/wp\/v2\/comments?post=51"}],"version-history":[{"count":11,"href":"http:\/\/social-media-strategy.aula.uoc.edu\/legal\/es\/wp-json\/wp\/v2\/pages\/51\/revisions"}],"predecessor-version":[{"id":437,"href":"http:\/\/social-media-strategy.aula.uoc.edu\/legal\/es\/wp-json\/wp\/v2\/pages\/51\/revisions\/437"}],"wp:attachment":[{"href":"http:\/\/social-media-strategy.aula.uoc.edu\/legal\/es\/wp-json\/wp\/v2\/media?parent=51"}],"curies":[{"name":"wp","href":"https:\/\/api.w.org\/{rel}","templated":true}]}}

<p>La primera cuestión que se plantea al estudiar cualquier derecho no es sino la de dilucidar en qué consiste, es decir, qué intereses tutela, cuál es su ámbito de protección. Para ello, es imprescindible que comencemos analizando sus aspectos definitorios.</p>
<p>1) Derecho al honor</p>
<p>Según nuestro Tribunal Constitucional “…el derecho al honor prohíbe que nadie se refiera a una persona de forma insultante o injuriosa o atentando injustificadamente contra su reputación, haciéndola desmerecer ante la opinión ajena” (por todas, <span style="font-weight: normal !msorm">STC 14/2003, de 28 de enero</span>).</p>
<p>De modo que lo protegido por el art. 18.1 CE es la indemnidad de la apreciación que de una persona puedan tener los demás, y quizá no tanto la que aquélla desearía tener.</p>
<p>2) Derecho a la intimidad</p>
<p>El Tribunal Constitucional dispone de forma reiterada en sus sentencias que el derecho a la intimidad “…es aquel derecho,  vinculado a la dignidad de la persona que reconoce el art. 10 de la CE, por el que se ampara la existencia de un ámbito propio y reservado frente a la acción y conocimiento de los demás, necesario para mantener una calidad mínima de la vida humana” (por todas, STC 231/1988, de 2 de diciembre).</p>
<p>Algunas autoras (empezando por el conocido juez Brandeis, 1928) lo definen como “el derecho a ser dejado en paz”.</p>
<p>3) Derecho a la propia imagen</p>
<p>Para nuestro Tribunal Constitucional, el derecho a la propia imagen no es sino “…el derecho a determinar la información gráfica generada por los rasgos físicos personales de su titular que puede tener difusión pública”  (por todas, STC 81/2001, de 26 de marzo). Al referirse al ámbito de protección de este derecho, el Alto Tribunal ha incluido los atributos más característicos, propios e inmediatos del individuo, como son la imagen física, la voz o el nombre.</p>
<div class="featured featured-grey"></p>
<p>El periodista José Luis Mazón Costa se hacía eco de este concepto en un <a href="https://elpais.com/diario/2003/11/30/domingo/1070167969_850215.html#:~:text=El%20juez%20norteamericano%20Brandeis%20defini%C3%B3,atesorado%20por%20un%20pueblo%20libre%22." target="_blank" rel="noopener">artículo publicado</a> por el periódico El País.</p>
<p>Al hilo de este artículo, cabe decir que el derecho a la intimidad, entendido como el «derecho a ser dejado en paz» <strong>equivale a un derecho a la soledad y a la tranquilidad</strong>.</p>
<p>Desde esta perspectiva, la protección a la intimidad no queda reducida a la evitación y proscripción de la divulgación de la vida privada o la penetración no autorizada en el ámbito en que se desarrolla la vida privada, sino que proporciona un poder jurídico sobre la información relativa a uno mismo o al entorno familiar de forma tal que habilita para imponer a terceras personas la voluntad de no dar a conocer una información o de impedir su difusión, <strong>si no es bajo un previo consentimiento</strong>.</p>
<p>
<div style="clear:both"></div></div>
<p>Para nuestro Tribunal Constitucional, el derecho a la propia imagen no es sino «[…] el derecho a determinar la información gráfica generada por los rasgos físicos personales de su titular que puede tener difusión pública» (por todas, STC 81/2001, de 26 de marzo). Al referirse al ámbito de protección de este derecho, el Alto Tribunal ha incluido los atributos más característicos, propios e inmediatos del individuo, como son la imagen física, la voz o el nombre.</p>
<div class="featured featured-blue"></p>
<p>Como vemos, las relación entre los derechos del art. 18.1 CE y los medios sociales es indiscutible, dado que objeto principal de estos se centra en el intercambio de información, imágenes, vídeos y audio, casi siempre de carácter personal.</p>
<p>
<div style="clear:both"></div></div>

<p>La primera cuestión que se plantea al estudiar cualquier derecho no es sino la de dilucidar en qué consiste, es decir, qué intereses tutela, cuál es su ámbito de protección. Para ello, es imprescindible que comencemos analizando sus aspectos definitorios. 1) Derecho al honor Según nuestro Tribunal Constitucional “…el derecho al honor prohíbe que nadie [&hellip;]</p>
