{"id":43,"date":"2017-11-27T12:46:00","date_gmt":"2017-11-27T12:46:00","guid":{"rendered":"http:\/\/social-media-strategy.aula.uoc.edu\/legal\/?page_id=43"},"modified":"2022-11-19T11:21:13","modified_gmt":"2022-11-19T11:21:13","slug":"3-1-introduccion","status":"publish","type":"page","link":"http:\/\/social-media-strategy.aula.uoc.edu\/legal\/es\/3-1-introduccion\/","title":{"rendered":"3.1. Introducci\u00f3n"},"content":{"rendered":"<p>Como ya se ha dicho, redes sociales, videoblogs, comunidades de contenidos, etc., facilitan (e incluso propician) la vulneraci\u00f3n de los derechos fundamentales. El honor, la intimidad y la propia imagen, y tambi\u00e9n los derechos de autora y los derechos de protecci\u00f3n de datos, est\u00e1n expuestos constantemente por medio de estas plataformas globales e inmediatas.<\/p>\n<p>Seguidamente, analizaremos la normativa aplicable, as\u00ed como tambi\u00e9n tomaremos como referencia las pol\u00edticas y condiciones de algunos medios sociales.<\/p>\n<p>Proveernos de una buena base jur\u00eddica nos ayudar\u00e1 a desenvolvernos en los medios sociales de una forma segura y respetuosa con nuestros derechos, con los de las dem\u00e1s usuarias y con los de terceras personas ajenas a estos servicios que tambi\u00e9n pueden verse perjudicadas.<\/p>\n","protected":false},"excerpt":{"rendered":"<p>Como ya se ha dicho, redes sociales, videoblogs, comunidades de contenidos, etc., facilitan (e incluso propician) la vulneraci\u00f3n de los derechos fundamentales. El honor, la intimidad y la propia imagen, y tambi\u00e9n los derechos de autora y los derechos de protecci\u00f3n de datos, est\u00e1n expuestos constantemente por medio de estas plataformas globales e inmediatas. Seguidamente, [&hellip;]<\/p>\n","protected":false},"author":1,"featured_media":0,"parent":0,"menu_order":0,"comment_status":"closed","ping_status":"closed","template":"","meta":[],"acf":[],"_links":{"self":[{"href":"http:\/\/social-media-strategy.aula.uoc.edu\/legal\/es\/wp-json\/wp\/v2\/pages\/43"}],"collection":[{"href":"http:\/\/social-media-strategy.aula.uoc.edu\/legal\/es\/wp-json\/wp\/v2\/pages"}],"about":[{"href":"http:\/\/social-media-strategy.aula.uoc.edu\/legal\/es\/wp-json\/wp\/v2\/types\/page"}],"author":[{"embeddable":true,"href":"http:\/\/social-media-strategy.aula.uoc.edu\/legal\/es\/wp-json\/wp\/v2\/users\/1"}],"replies":[{"embeddable":true,"href":"http:\/\/social-media-strategy.aula.uoc.edu\/legal\/es\/wp-json\/wp\/v2\/comments?post=43"}],"version-history":[{"count":7,"href":"http:\/\/social-media-strategy.aula.uoc.edu\/legal\/es\/wp-json\/wp\/v2\/pages\/43\/revisions"}],"predecessor-version":[{"id":432,"href":"http:\/\/social-media-strategy.aula.uoc.edu\/legal\/es\/wp-json\/wp\/v2\/pages\/43\/revisions\/432"}],"wp:attachment":[{"href":"http:\/\/social-media-strategy.aula.uoc.edu\/legal\/es\/wp-json\/wp\/v2\/media?parent=43"}],"curies":[{"name":"wp","href":"https:\/\/api.w.org\/{rel}","templated":true}]}}

3.1. Introducción

<p>Como ya se ha dicho, redes sociales, videoblogs, comunidades de contenidos, etc., facilitan (e incluso propician) la vulneración de los derechos fundamentales. El honor, la intimidad y la propia imagen, y también los derechos de autora y los derechos de protección de datos, están expuestos constantemente por medio de estas plataformas globales e inmediatas.</p>
<p>Seguidamente, analizaremos la normativa aplicable, así como también tomaremos como referencia las políticas y condiciones de algunos medios sociales.</p>
<p>Proveernos de una buena base jurídica nos ayudará a desenvolvernos en los medios sociales de una forma segura y respetuosa con nuestros derechos, con los de las demás usuarias y con los de terceras personas ajenas a estos servicios que también pueden verse perjudicadas.</p>

<p>Como ya se ha dicho, redes sociales, videoblogs, comunidades de contenidos, etc., facilitan (e incluso propician) la vulneración de los derechos fundamentales. El honor, la intimidad y la propia imagen, y también los derechos de autora y los derechos de protección de datos, están expuestos constantemente por medio de estas plataformas globales e inmediatas. Seguidamente, [&hellip;]</p>
