{"id":203,"date":"2017-11-28T11:08:10","date_gmt":"2017-11-28T11:08:10","guid":{"rendered":"http:\/\/social-media-strategy.aula.uoc.edu\/in\/1-1-3-filosofia-innovadora\/"},"modified":"2017-11-30T12:59:25","modified_gmt":"2017-11-30T12:59:25","slug":"1-1-3-filosofia-innovadora","status":"publish","type":"page","link":"http:\/\/social-media-strategy.aula.uoc.edu\/in\/1-1-3-filosofia-innovadora\/","title":{"rendered":"1.1.3. Filosofia innovadora"},"content":{"rendered":"<p>La influ\u00e8ncia dels executius de les empreses altament innovadores en la filosofia de l&#8217;empresa segueix dos patrons molt diferenciats.<\/p>\n<p><strong>1) <\/strong>La personalitat del fundador o de l&#8217;equip de fundadors.<\/p>\n<div class=\"featured featured-grey\"><p>La filosofia d&#8217;empreses com Apple (D\u00edaz, 2013) est\u00e0 molt lligada a la manera d&#8217;actuar dels fundadors.<\/p>\n<div style=\"clear:both\"><\/div><\/div>\n<p><strong>2) <\/strong>Una filosofia de l&#8217;empresa que supera els fundadors, i fins i tot perdura m\u00e9s enll\u00e0 d&#8217;ells i els pren protagonisme. Dir\u00edem que s&#8217;implanta en la cultura de l&#8217;empresa, com a obligatori, en el dia a dia. La responsabilitat dels directius \u00e9s fer que perduri amb pr\u00e0ctiques, principis i la reafirmaci\u00f3 de valors.<\/p>\n","protected":false},"excerpt":{"rendered":"<p>La influ\u00e8ncia dels executius de les empreses altament innovadores en la filosofia de l&#8217;empresa segueix dos patrons molt diferenciats. 1) La personalitat del fundador o de l&#8217;equip de fundadors. 2) Una filosofia de l&#8217;empresa que supera els fundadors, i fins i tot perdura m\u00e9s enll\u00e0 d&#8217;ells i els pren protagonisme. Dir\u00edem que s&#8217;implanta en la [&hellip;]<\/p>\n","protected":false},"author":1,"featured_media":0,"parent":0,"menu_order":0,"comment_status":"closed","ping_status":"closed","template":"","meta":[],"acf":[],"_links":{"self":[{"href":"http:\/\/social-media-strategy.aula.uoc.edu\/in\/wp-json\/wp\/v2\/pages\/203"}],"collection":[{"href":"http:\/\/social-media-strategy.aula.uoc.edu\/in\/wp-json\/wp\/v2\/pages"}],"about":[{"href":"http:\/\/social-media-strategy.aula.uoc.edu\/in\/wp-json\/wp\/v2\/types\/page"}],"author":[{"embeddable":true,"href":"http:\/\/social-media-strategy.aula.uoc.edu\/in\/wp-json\/wp\/v2\/users\/1"}],"replies":[{"embeddable":true,"href":"http:\/\/social-media-strategy.aula.uoc.edu\/in\/wp-json\/wp\/v2\/comments?post=203"}],"version-history":[{"count":2,"href":"http:\/\/social-media-strategy.aula.uoc.edu\/in\/wp-json\/wp\/v2\/pages\/203\/revisions"}],"predecessor-version":[{"id":216,"href":"http:\/\/social-media-strategy.aula.uoc.edu\/in\/wp-json\/wp\/v2\/pages\/203\/revisions\/216"}],"wp:attachment":[{"href":"http:\/\/social-media-strategy.aula.uoc.edu\/in\/wp-json\/wp\/v2\/media?parent=203"}],"curies":[{"name":"wp","href":"https:\/\/api.w.org\/{rel}","templated":true}]}}

<p>La influència dels executius de les empreses altament innovadores en la filosofia de l&#8217;empresa segueix dos patrons molt diferenciats.</p>
<p><strong>1) </strong>La personalitat del fundador o de l&#8217;equip de fundadors.</p>
<div class="featured featured-grey"><p>La filosofia d&#8217;empreses com Apple (Díaz, 2013) està molt lligada a la manera d&#8217;actuar dels fundadors.</p>
<div style="clear:both"></div></div>
<p><strong>2) </strong>Una filosofia de l&#8217;empresa que supera els fundadors, i fins i tot perdura més enllà d&#8217;ells i els pren protagonisme. Diríem que s&#8217;implanta en la cultura de l&#8217;empresa, com a obligatori, en el dia a dia. La responsabilitat dels directius és fer que perduri amb pràctiques, principis i la reafirmació de valors.</p>

<p>La influència dels executius de les empreses altament innovadores en la filosofia de l&#8217;empresa segueix dos patrons molt diferenciats. 1) La personalitat del fundador o de l&#8217;equip de fundadors. 2) Una filosofia de l&#8217;empresa que supera els fundadors, i fins i tot perdura més enllà d&#8217;ells i els pren protagonisme. Diríem que s&#8217;implanta en la [&hellip;]</p>
