{"id":205,"date":"2017-11-27T10:59:17","date_gmt":"2017-11-27T10:59:17","guid":{"rendered":"http:\/\/social-media-strategy.aula.uoc.edu\/gest\/4-1-3-guias-de-uso-y-recomendaciones-para-la-empresa-o-los-empleados\/"},"modified":"2017-11-30T13:23:52","modified_gmt":"2017-11-30T13:23:52","slug":"4-1-3-guies-dus-i-de-recomanacions-per-a-lempresa-o-els-empleats","status":"publish","type":"page","link":"http:\/\/social-media-strategy.aula.uoc.edu\/gest\/4-1-3-guies-dus-i-de-recomanacions-per-a-lempresa-o-els-empleats\/","title":{"rendered":"4.1.3. Guies d\u2019\u00fas i recomanacions per a l\u2019empresa o per als empleats"},"content":{"rendered":"<p>Un altre cas ja com\u00fa \u00e9s que l\u2019empresa vulgui regular d\u2019alguna manera l\u2019\u00fas per part del personal de les xarxes socials quan s\u2019erigeixen (formalment o informalment) en portaveus de l\u2019empresa, \u00e9s a dir, hagin estat designats oficialment com a tals o no.<\/p>\n<p>Hi ha casos, com ja hem dit, en els quals es busquen, potencien i s\u2019oficialitzen portaveus per part d\u2019empleats clau o empleats designats expressament, per\u00f2 aquest cas \u00e9s el que acabem de veure.<\/p>\n<p>Ara som en un escenari en el qual els empleats tenen perfils personals en xarxes i altres mitjans socials i en s\u00f3n usuaris actius.<\/p>\n<p>En aquest cas, l\u2019empresa o l\u2019entitat es mou en un territori intermedi, ja que no pot regular l\u2019\u00fas del mitj\u00e0 social per part dels empleats amb els perfils personals. Per\u00f2 s\u00ed \u00e9s cert que pot tenir un major sentit i utilitat si aquests s\u2019erigeixen en representants de la marca en aquests mitjans. L\u2019empresa s\u00ed que pot recomanar o animar els seus empleats perqu\u00e8 ho facin o no, o que tinguin certes precaucions en fer-ho i segueixin determinades bones pr\u00e0ctiques, ja que parlen en nom de la marca, l\u2019empresa o l\u2019entitat.<\/p>\n<p>\u00c9s per aix\u00f2 que, en aquest tipus de guies per a l\u2019\u00fas de les xarxes socials per part dels empleats, s\u2019acostumen a fer recomanacions, indicar bones pr\u00e0ctiques i tractar q\u00fcestions de qu\u00e8 fer o evitar quan parlin o pretenguin fer-ho en nom de la marca per a la qual treballen.<\/p>\n<div class=\"featured featured-grey\"><\/p>\n<h4>Exemples<\/h4>\n<p><em><a href=\"http:\/\/news.bbc.co.uk\/2\/shared\/bsp\/hi\/pdfs\/26_03_15_bbc_news_group_social_media_guidance.pdf\" target=\"_blank\" rel=\"noopener\">BBC News Group social media guidance, for staff<\/a>.<\/em><\/p>\n<p><em>Social Media Handbook for Local Red Cross Units.<\/em><\/p>\n<p><em><a href=\"https:\/\/es.scribd.com\/doc\/27664236\/Ohio-State-University-Medical-Center-Social-Media-Participation-Guidelines\" target=\"_blank\" rel=\"noopener\">Ohio State University Medical Center Social Media Participation Guidelines<\/a>.<\/em><\/p>\n<p>\n<div style=\"clear:both\"><\/div><\/div>\n","protected":false},"excerpt":{"rendered":"<p>Un altre cas ja com\u00fa \u00e9s que l\u2019empresa vulgui regular d\u2019alguna manera l\u2019\u00fas per part del personal de les xarxes socials quan s\u2019erigeixen (formalment o informalment) en portaveus de l\u2019empresa, \u00e9s a dir, hagin estat designats oficialment com a tals o no. Hi ha casos, com ja hem dit, en els quals es busquen, potencien [&hellip;]<\/p>\n","protected":false},"author":1,"featured_media":0,"parent":0,"menu_order":0,"comment_status":"closed","ping_status":"closed","template":"","meta":[],"acf":[],"_links":{"self":[{"href":"http:\/\/social-media-strategy.aula.uoc.edu\/gest\/wp-json\/wp\/v2\/pages\/205"}],"collection":[{"href":"http:\/\/social-media-strategy.aula.uoc.edu\/gest\/wp-json\/wp\/v2\/pages"}],"about":[{"href":"http:\/\/social-media-strategy.aula.uoc.edu\/gest\/wp-json\/wp\/v2\/types\/page"}],"author":[{"embeddable":true,"href":"http:\/\/social-media-strategy.aula.uoc.edu\/gest\/wp-json\/wp\/v2\/users\/1"}],"replies":[{"embeddable":true,"href":"http:\/\/social-media-strategy.aula.uoc.edu\/gest\/wp-json\/wp\/v2\/comments?post=205"}],"version-history":[{"count":3,"href":"http:\/\/social-media-strategy.aula.uoc.edu\/gest\/wp-json\/wp\/v2\/pages\/205\/revisions"}],"predecessor-version":[{"id":256,"href":"http:\/\/social-media-strategy.aula.uoc.edu\/gest\/wp-json\/wp\/v2\/pages\/205\/revisions\/256"}],"wp:attachment":[{"href":"http:\/\/social-media-strategy.aula.uoc.edu\/gest\/wp-json\/wp\/v2\/media?parent=205"}],"curies":[{"name":"wp","href":"https:\/\/api.w.org\/{rel}","templated":true}]}}