{"id":149,"date":"2017-11-28T08:34:36","date_gmt":"2017-11-28T08:34:36","guid":{"rendered":"http:\/\/social-media-strategy.aula.uoc.edu\/eval\/2-2-la-clave-esta-en-la-atribucion\/"},"modified":"2021-01-13T10:42:21","modified_gmt":"2021-01-13T10:42:21","slug":"2-2-la-clau-esta-en-latribucio","status":"publish","type":"page","link":"http:\/\/social-media-strategy.aula.uoc.edu\/eval\/2-2-la-clau-esta-en-latribucio\/","title":{"rendered":"2.2. La clau est\u00e0 en l\u2019atribuci\u00f3"},"content":{"rendered":"<p>Per poder demostrar l&#8217;efic\u00e0cia de la <em>social media strategy<\/em> en el ROI, \u00e9s cabdal poder atribuir les conversions que en provenen. Per a aix\u00f2, cal treballar amb els models d&#8217;atribuci\u00f3.<\/p>\n<p>En els \u00faltims anys hem passat de con\u00e8ixer-los com una eina de mesurament a una disciplina completa: el<em> m\u00e0rqueting d&#8217;atribuci\u00f3<\/em>, \u00e9s a dir, mirar d&#8217;atribuir la responsabilitat de la venda a qui realment l&#8217;ha aconseguida. En una cerca a Google de \u00abm\u00e0rqueting d&#8217;atribuci\u00f3\u00bb hi apareixen dotzenes d&#8217;articles que expliquen els models sota aquest paraigua <em>marketini\u00e0<\/em>. Res de nou; nom\u00e9s el nom.<\/p>\n<p>Un <em>model d&#8217;atribuci\u00f3<\/em> \u00e9s una regla o conjunt de regles que determina com s&#8217;assigna el valor de vendes i conversions als punts de contacte de les rutes de conversi\u00f3.<\/p>\n<p>Explicat en paraules de Tamara Lucas (2015), els models d&#8217;atribuci\u00f3 s\u00f3n \u00abla regla o regles que defineixen quin pes t\u00e9 cada punt de contacte que l&#8217;usuari ha tingut fins a la conversi\u00f3 final\u00bb.<\/p>\n<p>Hi ha sis models d&#8217;atribuci\u00f3 i, depenent de cada expert, es decantar\u00e0 m\u00e9s per un o per un altre. Vegem amb exemples els pros i contres de cadascun.<\/p>\n<p><strong>Model d&#8217;atribuci\u00f3 al primer toc<\/strong><\/p>\n<p>El model d&#8217;atribuci\u00f3 al primer toc ens permet veure quin canal va dirigir primer un client potencial, per exemple, a la web.<\/p>\n<p>Suposem que un client potencial va accedir per primera vegada a una web mitjan\u00e7ant un anunci de Facebook. Despr\u00e9s va fer clic en un enlla\u00e7 a la web que el va dirigir a un seminari web. Al final del seminari web, es va subscriure al seu butllet\u00ed informatiu per correu electr\u00f2nic i, despr\u00e9s, es va convertir en clients mitjan\u00e7ant correu electr\u00f2nic. El cr\u00e8dit per aquesta conversi\u00f3 s&#8217;atribuiria al primer punt de contacte, que \u00e9s l&#8217;anunci de Facebook, i no a l&#8217;abast per correu electr\u00f2nic.<\/p>\n<p>La idea darrere del model d&#8217;atribuci\u00f3 de primer toc \u00e9s que qualsevol conversi\u00f3 que passi al final de l&#8217;embut no hauria estat possible sense el primer punt de contacte.<\/p>\n<p>Cal tenir en compte que aquesta mena de model no \u00e9s la millor opci\u00f3 per als negocis B2B, perqu\u00e8, en general, s&#8217;involucren molts punts de contacte abans que un client potencial converteixi.<\/p>\n<p><u>Pros<\/u><\/p>\n<p>L&#8217;atribuci\u00f3 de primer toc \u00e9s el model m\u00e9s f\u00e0cil de configurar i no implica gaire an\u00e0lisi ni c\u00e0lcul. \u00c9s f\u00e0cil de rastrejar i se centra en la distribuci\u00f3 de la demanda en lloc de la distribuci\u00f3 del pes.<\/p>\n<p><u>Contres<\/u><\/p>\n<p>Aquest model \u00e9s propens a errors. Emfatitza nom\u00e9s el comen\u00e7ament del recorregut del client, que nom\u00e9s explica una part de la hist\u00f2ria de com aquest client va convertir.<\/p>\n<p><strong>Model d&#8217;atribuci\u00f3 a l&#8217;\u00faltim toc o \u00faltima interacci\u00f3<\/strong><\/p>\n<p>El model d&#8217;atribuci\u00f3 d&#8217;\u00faltim toc \u00e9s semblant al model de primer toc, per\u00f2 en lloc de mesurar on va entrar en contacte per primera vegada el client potencial amb la marca, atribueix tot el proc\u00e9s de vendes a l&#8217;\u00faltim toc; el final de l&#8217;embut de m\u00e0rqueting.<\/p>\n<p>L&#8217;\u00faltim toc sol ser la configuraci\u00f3 predeterminada en la majoria dels models d&#8217;atribuci\u00f3. Google Analytics tamb\u00e9 el fa servir com a model d&#8217;atribuci\u00f3 predeterminat.<\/p>\n<p>Aquest model se centra en all\u00f2 que va portar un client potencial a convertir i ignorar tot el que venia abans de la conversi\u00f3.<\/p>\n<p>Tamara Lucas assegura que \u00aben general, se sol fer servir un model d&#8217;\u00faltim toc, \u00e9s a dir, que el 100 % del valor de la conversi\u00f3 s&#8217;assigna a l&#8217;\u00faltima font de tr\u00e0nsit per on l&#8217;usuari va entrar al nostre web\u00bb.<\/p>\n<p>Un exemple per explicar-ho: un usuari fa una cerca a Google de la paraula clau \u00abbossa verda\u00bb, troba un anunci als resultats de cerca i va redirigit a un web. En aquest moment no fa cap compra, per\u00f2 despr\u00e9s torna directament a aquest web i s\u00ed que en fa una. En aquest cas, la conversi\u00f3 s&#8217;atribuiria al tr\u00e0nsit directe al lloc i no a la campanya anterior de Google Ads, quan en realitat aquesta conversi\u00f3 s\u2019ha desencadenat gr\u00e0cies a l&#8217;anunci.<\/p>\n<p><u>Pros<\/u><\/p>\n<p>L&#8217;atribuci\u00f3 d&#8217;\u00faltim toc mostra qu\u00e8 va portar directament un client a fer una conversi\u00f3. \u00c9s el que ve configurat a Google Analytics i \u00e9s el m\u00e9s f\u00e0cil de fer servir.<\/p>\n<p><u>Contres<\/u><\/p>\n<p>Aquest model ignora tot el que condueix a una conversi\u00f3 de clients potencials, i aix\u00f2 passa per sobre les accions en xarxes socials. Per tant, ser\u00e0 dif\u00edcil analitzar tots els aspectes d&#8217;un embut: si els anuncis estan funcionant, si l&#8217;<em>e-mail<\/em> <em>marketing<\/em> est\u00e0 convertint o si els esfor\u00e7os en mitjans socials estan tenint alguna mena d\u2019impacte.<\/p>\n<p>El model d&#8217;\u00faltim toc t\u00e9 el mateix problema que el model de primer toc. No ofereix una imatge completa del que funciona i del que no.<\/p>\n<p>Un altre model que s\u2019empra \u00e9s el de l\u2019\u00ab\u00faltim clic de campanya, en aquest cas s&#8217;assigna el total de la conversi\u00f3 a l&#8217;\u00faltim clic en campanya de pagament que s&#8217;hagi fet, sense tenir en compte accessos posteriors de car\u00e0cter org\u00e0nic (com pot ser una font de tr\u00e0nsit directa o SEU) i en qu\u00e8 hagi convertit l&#8217;usuari m\u00e9s tard\u00bb (Lucas, 2015).<\/p>\n<p>Com explica Tamara Lucas, \u00abens pot portar a l&#8217;error de sobrevalorar o infravalorar algunes xarxes socials com a font de tr\u00e0nsit del nostre lloc web. Podem pensar que una xarxa social t\u00e9 molt de pes en les vendes de la nostra web i, per tant, hi invertim m\u00e9s pressupost en detriment d&#8217;altres canals, que no obstant aix\u00f2 poden estar contribuint \u2013i no ho sabem\u2013 en accessos previs a la compra final en les etapes de descobriment de la marca, consideraci\u00f3 o recerca del producte\u00bb (Lucas, 2015).<\/p>\n<p><strong>Model d&#8217;atribuci\u00f3 lineal<\/strong><\/p>\n<p>El model lineal atribueix el resultat per igual a tots els punts de contacte que van portar a la conversi\u00f3 d&#8217;un client potencial. Tot, des del primer contacte, la creaci\u00f3 de clients potencials, la creaci\u00f3 d&#8217;oportunitats i fins al tancament de clients es tracten per igual.<\/p>\n<p>El problema principal amb l&#8217;atribuci\u00f3 de m\u00e0rqueting \u00e9s determinar quins punts de contacte s\u00f3n m\u00e9s importants en el viatge de conversi\u00f3 del client. L&#8217;atribuci\u00f3 lineal t\u00e9 una resposta simple: atorgar a tots els punts de contacte el mateix nivell d&#8217;import\u00e0ncia per solucionar el problema.<\/p>\n<p><u>Pros<\/u><\/p>\n<p>El model lineal suposa una pel que fa als models de primer i \u00faltim toc, perqu\u00e8 ofereix una descripci\u00f3 general m\u00e9s completa de tot el que ha passat des del principi de l&#8217;embut fins a l&#8217;etapa final en qu\u00e8 el client potencial converteix.<\/p>\n<p>Aquest model \u00e9s f\u00e0cil de configurar i es pot utilitzar per comparar resultats d&#8217;altres models de dades.<em>\u00a0<\/em><\/p>\n<p><u>Contres<\/u><\/p>\n<p>El problema principal \u00e9s que no ajuda a optimitzar completament, perqu\u00e8 en realitat no tots els punts de contacte s\u00f3n iguals.<\/p>\n<p>Un anunci de Facebook realment est\u00e0 contribuint m\u00e9s que un anunci d&#8217;Instagram? Com podem saber qu\u00e8 va fer que un client decid\u00eds comprar quan es dona la mateixa import\u00e0ncia a tots els punts de contacte?<\/p>\n<p>Certament, alguns punts de contacte tindran m\u00e9s impacte que uns altres.<\/p>\n<p><strong>Model d&#8217;atribuci\u00f3 progressiva (<em>time-decay<\/em><\/strong><strong>)<\/strong><strong>\u00a0<\/strong><\/p>\n<p>El model d&#8217;atribuci\u00f3 de <em>time-decay<\/em>,\u00a0 o \u2018deterioraci\u00f3 del temps\u2019, dona m\u00e9s import\u00e0ncia als punts de contacte que estan m\u00e9s prop d&#8217;on s&#8217;ha produ\u00eft la conversi\u00f3 que a la part superior de l&#8217;embut. \u00c9s un model multit\u00e0ctil semblant al model d&#8217;atribuci\u00f3 lineal.<\/p>\n<p>Dona m\u00e9s import\u00e0ncia a la meitat i al final de l&#8217;embut i els representa com m\u00e9s valuosos, perqu\u00e8 s\u00f3n els punts que van portar el client potencial a convertir.<\/p>\n<p>No obstant aix\u00f2, aquest m\u00e8tode no \u00e9s infal\u00b7lible. Per exemple, si un client potencial interactua en un tuit i es registra per a un <em>webinar<\/em>, per\u00f2 despr\u00e9s acaba comprant el servei per mitj\u00e0 d&#8217;un enlla\u00e7 en una publicaci\u00f3 en el blog, qu\u00e8 t\u00e9 m\u00e9s import\u00e0ncia: el contingut del blog, el <em>webinar<\/em> o el tuit?<\/p>\n<p><u>Pros<\/u><\/p>\n<p>Sovint, els punts de contacte m\u00e9s propers al punt de conversi\u00f3 tenen m\u00e9s pes. Aquest model ajuda a optimitzar aquells punts que condueixen directament a conversions.<\/p>\n<p><u>Contres<\/u><em>\u00a0<\/em><\/p>\n<p>Devaluar el primer toc no sempre pot ser el correcte. Depenent de les circumst\u00e0ncies, el primer punt de contacte pot haver tingut un paper important en la conversi\u00f3.<\/p>\n<figure id=\"attachment_206\" aria-describedby=\"caption-attachment-206\" style=\"width: 543px\" class=\"wp-caption aligncenter\"><img loading=\"lazy\" class=\"wp-image-206 \" src=\"\/wp-content\/uploads\/sites\/4\/2017\/11\/m1656_m5_004.jpg\" alt=\"\" width=\"543\" height=\"434\" srcset=\"\/wp-content\/uploads\/sites\/4\/2017\/11\/m1656_m5_004.jpg 640w, \/wp-content\/uploads\/sites\/4\/2017\/11\/m1656_m5_004-300x240.jpg 300w\" sizes=\"(max-width: 543px) 100vw, 543px\" \/><figcaption id=\"caption-attachment-206\" class=\"wp-caption-text\">Diferents models d\u2019atribuci\u00f3<br \/>Font: L\u00f3pez (2015).<\/figcaption><\/figure>\n<p><strong>Model d&#8217;atribuci\u00f3 en forma d&#8217;O (basat en la posici\u00f3)<\/strong><\/p>\n<p>El model d&#8217;atribuci\u00f3 en forma d&#8217;O dona cr\u00e8dit a tres punts de contacte principals. Atribueix el 40 % al primer i a l&#8217;\u00faltim toc, i el 20 % al punt mitj\u00e0.<\/p>\n<p>Emfatitza el primer punt de contacte (el punt de primer impacte, en qu\u00e8 els clients potencials entren en contacte amb la marca) i l&#8217;\u00faltim punt de contacte (el punt en qu\u00e8 el client potencial converteix).<\/p>\n<p>Que els primers i \u00faltims punts de contacte solguin ser els m\u00e9s importants no vol dir que s&#8217;hagin de descurar els punts de contacte intermedis, ja que poden tenir un impacte necessari perqu\u00e8 el client potencial converteixi.<\/p>\n<p><u>Pros<\/u><\/p>\n<p>A difer\u00e8ncia dels models d&#8217;atribuci\u00f3 de primer i \u00faltim toc, que donen import\u00e0ncia a un sol aspecte de l&#8217;an\u00e0lisi, el model en forma d\u2019O atorga la mateixa import\u00e0ncia a tots dos valors.<\/p>\n<p>El primer punt d&#8217;interacci\u00f3 d&#8217;un client potencial amb una empresa \u00e9s tan important com quan aquest client potencial converteix.<\/p>\n<p><em>\u00a0<\/em><u>Contres<\/u><\/p>\n<p>Hi ha vegades que el primer o l&#8217;\u00faltim punt de contacte no \u00e9s tan important. En fer una an\u00e0lisi, sempre s&#8217;ha de verificar si el primer toc \u00e9s tan important com l&#8217;\u00faltim punt.<\/p>\n<p>Per saber quin model d&#8217;atribuci\u00f3 utilitzar en cada projecte, cal con\u00e8ixer molt b\u00e9 el sector, clients, objectius i <em>customer journey<\/em> dels nostres clients. \u00c9s recomanable anar personalitzant els par\u00e0metres dels models mitjan\u00e7ant la revisi\u00f3 peri\u00f2dica dels resultats. Aix\u00ed, es podr\u00e0 trobar un model que encaixi.<\/p>\n<div class=\"featured featured-blue\"><\/p>\n<p>Google, mitjan\u00e7ant el seu <a href=\"https:\/\/support.google.com\/analytics\/answer\/1665189\" target=\"_blank\" rel=\"noopener\">suport<\/a>, ofereix informaci\u00f3 \u00fatil amb exemples per triar el model d&#8217;atribuci\u00f3 de partida que s&#8217;adapta millor a cada projecte segons les seves necessitats i objectius.<\/p>\n<p>\n<div style=\"clear:both\"><\/div><\/div>\n<div class=\"featured featured-blue\"><p>L&#8217;eina de pagament <a href=\"https:\/\/www.wickedreports.com\/\" target=\"_blank\" rel=\"noopener\">https:\/\/www.wickedreports.com\/<\/a> \u00e9s de gran ajuda per treballar el m\u00e0rqueting d&#8217;atribuci\u00f3. Amb aquesta eina podrem saber exactament d&#8217;on venen les conversions.<\/p>\n<div style=\"clear:both\"><\/div><\/div>\n","protected":false},"excerpt":{"rendered":"<p>Per poder demostrar l&#8217;efic\u00e0cia de la social media strategy en el ROI, \u00e9s cabdal poder atribuir les conversions que en provenen. Per a aix\u00f2, cal treballar amb els models d&#8217;atribuci\u00f3. En els \u00faltims anys hem passat de con\u00e8ixer-los com una eina de mesurament a una disciplina completa: el m\u00e0rqueting d&#8217;atribuci\u00f3, \u00e9s a dir, mirar d&#8217;atribuir [&hellip;]<\/p>\n","protected":false},"author":1,"featured_media":0,"parent":0,"menu_order":0,"comment_status":"closed","ping_status":"closed","template":"","meta":[],"acf":[],"_links":{"self":[{"href":"http:\/\/social-media-strategy.aula.uoc.edu\/eval\/wp-json\/wp\/v2\/pages\/149"}],"collection":[{"href":"http:\/\/social-media-strategy.aula.uoc.edu\/eval\/wp-json\/wp\/v2\/pages"}],"about":[{"href":"http:\/\/social-media-strategy.aula.uoc.edu\/eval\/wp-json\/wp\/v2\/types\/page"}],"author":[{"embeddable":true,"href":"http:\/\/social-media-strategy.aula.uoc.edu\/eval\/wp-json\/wp\/v2\/users\/1"}],"replies":[{"embeddable":true,"href":"http:\/\/social-media-strategy.aula.uoc.edu\/eval\/wp-json\/wp\/v2\/comments?post=149"}],"version-history":[{"count":7,"href":"http:\/\/social-media-strategy.aula.uoc.edu\/eval\/wp-json\/wp\/v2\/pages\/149\/revisions"}],"predecessor-version":[{"id":367,"href":"http:\/\/social-media-strategy.aula.uoc.edu\/eval\/wp-json\/wp\/v2\/pages\/149\/revisions\/367"}],"wp:attachment":[{"href":"http:\/\/social-media-strategy.aula.uoc.edu\/eval\/wp-json\/wp\/v2\/media?parent=149"}],"curies":[{"name":"wp","href":"https:\/\/api.w.org\/{rel}","templated":true}]}}