{"id":110,"date":"2017-11-24T09:52:30","date_gmt":"2017-11-24T09:52:30","guid":{"rendered":"http:\/\/social-media-strategy.aula.uoc.edu\/equip\/3-4-record-manager\/"},"modified":"2022-11-19T10:13:59","modified_gmt":"2022-11-19T10:13:59","slug":"3-4-record-manager","status":"publish","type":"page","link":"http:\/\/social-media-strategy.aula.uoc.edu\/equip\/3-4-record-manager\/","title":{"rendered":"3.2.3. <em>Record manager<\/em>"},"content":{"rendered":"<p>Si d\u00e8iem que la <em>content curator\u00a0<\/em>havia de tenir aquest olfacte per a saber trobar fonts i fets per compartir:<\/p>\n<div class=\"featured featured-blue\"><\/p>\n<p>La <strong><em>record manager<\/em><\/strong> \u00e9s la professional m\u00e9s espec\u00edficament lligat a la labor documental en els mitjans socials. Arxiva i accedeix a la informaci\u00f3 i controla l&#8217;empremta digital, tant de la marca com dels competidors.<\/p>\n<p>\n<div style=\"clear:both\"><\/div><\/div>\n<p>No nom\u00e9s controla les fonts, sin\u00f3 que sap com arxivar la informaci\u00f3, com accedir-hi \u2013tant ara com en un futur\u2013, i no sols de les not\u00edcies o els <em>posts<\/em> publicats sobre les tem\u00e0tiques d&#8217;inter\u00e8s, sin\u00f3 de la pres\u00e8ncia que la marca mateixa ha anat generant, directament i indirectament, amb la seva pres\u00e8ncia i empremta digital. Enriqueix tamb\u00e9 el fet d&#8217;aportar qu\u00e8 realitza la compet\u00e8ncia o el sector, per a oferir un marc de treball que permeti a l&#8217;equip comptar amb refer\u00e8ncies d&#8217;actuaci\u00f3.<\/p>\n<p>La import\u00e0ncia del seu lloc \u00e9s directament proporcional a la seva labor de registre i arxiu perqu\u00e8 emmagatzema i gestiona tota la informaci\u00f3 rellevant i la facilita a la <em>community manager<\/em> o a la <em>content curator<\/em>\u00a0quan la precisin.<\/p>\n","protected":false},"excerpt":{"rendered":"<p>Si d\u00e8iem que la content curator\u00a0havia de tenir aquest olfacte per a saber trobar fonts i fets per compartir: No nom\u00e9s controla les fonts, sin\u00f3 que sap com arxivar la informaci\u00f3, com accedir-hi \u2013tant ara com en un futur\u2013, i no sols de les not\u00edcies o els posts publicats sobre les tem\u00e0tiques d&#8217;inter\u00e8s, sin\u00f3 de [&hellip;]<\/p>\n","protected":false},"author":1,"featured_media":0,"parent":0,"menu_order":0,"comment_status":"closed","ping_status":"closed","template":"","meta":[],"acf":[],"_links":{"self":[{"href":"http:\/\/social-media-strategy.aula.uoc.edu\/equip\/wp-json\/wp\/v2\/pages\/110"}],"collection":[{"href":"http:\/\/social-media-strategy.aula.uoc.edu\/equip\/wp-json\/wp\/v2\/pages"}],"about":[{"href":"http:\/\/social-media-strategy.aula.uoc.edu\/equip\/wp-json\/wp\/v2\/types\/page"}],"author":[{"embeddable":true,"href":"http:\/\/social-media-strategy.aula.uoc.edu\/equip\/wp-json\/wp\/v2\/users\/1"}],"replies":[{"embeddable":true,"href":"http:\/\/social-media-strategy.aula.uoc.edu\/equip\/wp-json\/wp\/v2\/comments?post=110"}],"version-history":[{"count":7,"href":"http:\/\/social-media-strategy.aula.uoc.edu\/equip\/wp-json\/wp\/v2\/pages\/110\/revisions"}],"predecessor-version":[{"id":300,"href":"http:\/\/social-media-strategy.aula.uoc.edu\/equip\/wp-json\/wp\/v2\/pages\/110\/revisions\/300"}],"wp:attachment":[{"href":"http:\/\/social-media-strategy.aula.uoc.edu\/equip\/wp-json\/wp\/v2\/media?parent=110"}],"curies":[{"name":"wp","href":"https:\/\/api.w.org\/{rel}","templated":true}]}}