{"id":105,"date":"2017-11-24T09:51:10","date_gmt":"2017-11-24T09:51:10","guid":{"rendered":"http:\/\/social-media-strategy.aula.uoc.edu\/equip\/3-3-content-curator\/"},"modified":"2022-11-19T09:52:46","modified_gmt":"2022-11-19T09:52:46","slug":"3-3-content-curator","status":"publish","type":"page","link":"http:\/\/social-media-strategy.aula.uoc.edu\/equip\/3-3-content-curator\/","title":{"rendered":"3.2.2. <em>Content curator<\/em>"},"content":{"rendered":"<p>El contingut \u00e9s el rei. Aquesta \u00e9s una m\u00e0xima del m\u00e0rqueting digital molt afermada per dos conceptes: d\u2019una banda, la maduresa que l\u2019usu\u00e0ria dels mitjans socials ha anat adquirint en els \u00faltims anys i que, cada vegada m\u00e9s, demana contingut interessant; i, de l\u2019altra, la for\u00e7a que ha adquirit un contingut de qualitat en els nous algorismes dels cercadors.<\/p>\n<p>Davant de la necessitat d\u2019oferir el contingut m\u00e9s atractiu i apropiat, neix la figura de la curadora de continguts (<em>content curator<\/em>) amb una finalitat \u00fanica:<\/p>\n<div class=\"featured featured-blue\"><p>La <strong><em>content curator <\/em><\/strong>ha de ser capa\u00e7 de localitzar, seleccionar i millorar el contingut que compartir\u00e0 amb les comunitats digitals.<\/p>\n<div style=\"clear:both\"><\/div><\/div>\n<p>Per aix\u00f2 acostuma a ser una persona amb un gran domini documental de la xarxa, un alt coneixement dels interessos del <em>target<\/em>, de les t\u00e8cniques efectives per a aprofitar els llenguatges de cada mur social, i amb un alt nivell de redacci\u00f3.<\/p>\n<p>At\u00e8s que, com veiem, duu a terme funcions pr\u00f2pies de la gestora de continguts (a les quals es dedica en exclusiva), podem dir que el perfil de la curadora de continguts existeix en la mesura en qu\u00e8 l\u2019empresa busca la m\u00e0xima qualitat en l\u2019estrat\u00e8gia de contingut, per la qual cosa vol un refor\u00e7 per a la <em>community<\/em>. O b\u00e9, perqu\u00e8 la companyia o l\u2019ag\u00e8ncia digital necessiten <strong>creadores de contingut extra<\/strong> davant d\u2019una campanya de comunicaci\u00f3 espec\u00edfica que exigeixi molt de desenvolupament de contingut de suport.<\/p>\n<p>Per contra, en una companyia petita on la <em>community<\/em> representa aquesta figura que, amb destresa, duu a terme totes les tasques alhora, ser\u00e0 aquest agent social qui es capbussar\u00e0 en les fonts per a escollir el m\u00e9s interessant segons el <em>target<\/em>, i el curador de continguts haur\u00e0 de ser capa\u00e7 de cridar l\u2019atenci\u00f3 i retenir el seu <em>target<\/em>.<\/p>\n","protected":false},"excerpt":{"rendered":"<p>El contingut \u00e9s el rei. Aquesta \u00e9s una m\u00e0xima del m\u00e0rqueting digital molt afermada per dos conceptes: d\u2019una banda, la maduresa que l\u2019usu\u00e0ria dels mitjans socials ha anat adquirint en els \u00faltims anys i que, cada vegada m\u00e9s, demana contingut interessant; i, de l\u2019altra, la for\u00e7a que ha adquirit un contingut de qualitat en els [&hellip;]<\/p>\n","protected":false},"author":1,"featured_media":0,"parent":0,"menu_order":0,"comment_status":"closed","ping_status":"closed","template":"","meta":[],"acf":[],"_links":{"self":[{"href":"http:\/\/social-media-strategy.aula.uoc.edu\/equip\/wp-json\/wp\/v2\/pages\/105"}],"collection":[{"href":"http:\/\/social-media-strategy.aula.uoc.edu\/equip\/wp-json\/wp\/v2\/pages"}],"about":[{"href":"http:\/\/social-media-strategy.aula.uoc.edu\/equip\/wp-json\/wp\/v2\/types\/page"}],"author":[{"embeddable":true,"href":"http:\/\/social-media-strategy.aula.uoc.edu\/equip\/wp-json\/wp\/v2\/users\/1"}],"replies":[{"embeddable":true,"href":"http:\/\/social-media-strategy.aula.uoc.edu\/equip\/wp-json\/wp\/v2\/comments?post=105"}],"version-history":[{"count":8,"href":"http:\/\/social-media-strategy.aula.uoc.edu\/equip\/wp-json\/wp\/v2\/pages\/105\/revisions"}],"predecessor-version":[{"id":298,"href":"http:\/\/social-media-strategy.aula.uoc.edu\/equip\/wp-json\/wp\/v2\/pages\/105\/revisions\/298"}],"wp:attachment":[{"href":"http:\/\/social-media-strategy.aula.uoc.edu\/equip\/wp-json\/wp\/v2\/media?parent=105"}],"curies":[{"name":"wp","href":"https:\/\/api.w.org\/{rel}","templated":true}]}}